CRAN Package Check Results for Package BeSS

Last updated on 2021-10-21 00:49:38 CEST.

Flavor Version Tinstall Tcheck Ttotal Status Flags
r-devel-linux-x86_64-debian-clang 2.0.3 92.46 88.55 181.01 OK
r-devel-linux-x86_64-debian-gcc 2.0.3 74.79 74.57 149.36 OK
r-devel-linux-x86_64-fedora-clang 2.0.3 269.93 NOTE
r-devel-linux-x86_64-fedora-gcc 2.0.3 250.26 OK
r-devel-windows-x86_64 2.0.3 108.00 135.00 243.00 OK
r-devel-windows-x86_64-gcc10-UCRT 2.0.3 OK
r-patched-linux-x86_64 2.0.3 93.52 89.82 183.34 OK
r-patched-solaris-x86 2.0.3 250.80 OK
r-release-linux-x86_64 2.0.3 91.66 91.01 182.67 OK
r-release-macos-arm64 2.0.3 NOTE
r-release-macos-x86_64 2.0.3 NOTE
r-release-windows-ix86+x86_64 2.0.3 152.00 182.00 334.00 OK
r-oldrel-macos-x86_64 2.0.3 NOTE
r-oldrel-windows-ix86+x86_64 2.0.3 208.00 178.00 386.00 OK

Check Details

Version: 2.0.3
Check: installed package size
Result: NOTE
     installed size is 26.3Mb
     sub-directories of 1Mb or more:
     libs 25.2Mb
Flavors: r-devel-linux-x86_64-fedora-clang, r-release-macos-arm64, r-release-macos-x86_64, r-oldrel-macos-x86_64