CRAN Package Check Results for Package BigQuic

Last updated on 2021-10-26 00:59:45 CEST.

Flavor Version Tinstall Tcheck Ttotal Status Flags
r-devel-linux-x86_64-debian-clang 1.1-9.1 53.75 62.58 116.33 OK
r-devel-linux-x86_64-debian-gcc 1.1-9.1 37.19 50.19 87.38 OK
r-devel-linux-x86_64-fedora-clang 1.1-9.1 165.13 OK
r-devel-linux-x86_64-fedora-gcc 1.1-9.1 143.90 OK
r-devel-windows-x86_64 1.1-9.1 84.00 73.00 157.00 OK
r-devel-windows-x86_64-gcc10-UCRT 1.1-9.1 OK
r-patched-linux-x86_64 1.1-9.1 45.71 62.07 107.78 OK
r-patched-solaris-x86 1.1-9.1 165.30 ERROR
r-release-linux-x86_64 1.1-9.1 43.98 61.22 105.20 OK
r-release-macos-arm64 1.1-9.1 OK
r-release-macos-x86_64 1.1-9.1 OK
r-release-windows-ix86+x86_64 1.1-9.1 124.00 120.00 244.00 OK
r-oldrel-macos-x86_64 1.1-9.1 OK
r-oldrel-windows-ix86+x86_64 1.1-9.1 166.00 130.00 296.00 OK

Check Details

Version: 1.1-9.1
Check: examples
Result: ERROR
    Running examples in ‘BigQuic-Ex.R’ failed
    The error most likely occurred in:
    
    > ### Name: BigQuic
    > ### Title: Big Quadratic Inverse Covariance Estimation
    > ### Aliases: BigQuic
    > ### Keywords: BigQUIC package covariance regularization graphical model
    > ### lasso Newton coordinate descent
    >
    > ### ** Examples
    >
    > lambda <- 0.91
    > exampleResult <- BigQuic(inputFileName = paste(path.package("BigQuic"),
    + "/extdata/testInput", sep = ""),
    + outputFileName = tempfile(pattern =
    + "BigQuic_output_matrix", fileext = ".Bmat"),
    + lambda = lambda, numthreads = 1, memory_size = 512,
    + seed = 1, use_ram = TRUE)
    
     *** caught segfault ***
    address c89, cause 'memory not mapped'
Flavor: r-patched-solaris-x86