Last updated on 2023-09-24 00:56:37 CEST.
Flavor | Version | Tinstall | Tcheck | Ttotal | Status | Flags |
---|---|---|---|---|---|---|
r-devel-linux-x86_64-debian-clang | 1.1.2 | 96.15 | 344.72 | 440.87 | NOTE | |
r-devel-linux-x86_64-debian-gcc | 1.1.2 | 75.53 | 252.92 | 328.45 | NOTE | |
r-devel-linux-x86_64-fedora-clang | 1.1.2 | 590.23 | NOTE | |||
r-devel-linux-x86_64-fedora-gcc | 1.1.2 | 588.59 | NOTE | |||
r-devel-windows-x86_64 | 1.1.2 | 70.00 | 279.00 | 349.00 | NOTE | |
r-patched-linux-x86_64 | 1.1.2 | 107.28 | 329.22 | 436.50 | NOTE | |
r-release-linux-x86_64 | 1.1.2 | 106.43 | 327.85 | 434.28 | NOTE | |
r-release-macos-arm64 | 1.1.2 | 211.00 | NOTE | |||
r-release-macos-x86_64 | 1.1.2 | 268.00 | NOTE | |||
r-release-windows-x86_64 | 1.1.2 | 95.00 | 326.00 | 421.00 | NOTE | |
r-oldrel-macos-arm64 | 1.1.2 | 189.00 | NOTE | |||
r-oldrel-macos-x86_64 | 1.1.2 | 176.00 | NOTE | |||
r-oldrel-windows-x86_64 | 1.1.2 | 89.00 | 320.00 | 409.00 | OK |
Version: 1.1.2
Check: C++ specification
Result: NOTE
Specified C++11: please drop specification unless essential
Flavors: r-devel-linux-x86_64-debian-clang, r-devel-linux-x86_64-debian-gcc, r-devel-linux-x86_64-fedora-clang, r-devel-linux-x86_64-fedora-gcc, r-devel-windows-x86_64, r-patched-linux-x86_64, r-release-linux-x86_64, r-release-macos-arm64, r-release-macos-x86_64, r-release-windows-x86_64
Version: 1.1.2
Check: installed package size
Result: NOTE
installed size is 19.7Mb
sub-directories of 1Mb or more:
doc 1.1Mb
libs 18.1Mb
Flavors: r-release-macos-arm64, r-release-macos-x86_64, r-oldrel-macos-arm64, r-oldrel-macos-x86_64