CRAN Package Check Results for Package BigVAR

Last updated on 2024-07-20 00:56:41 CEST.

Flavor Version Tinstall Tcheck Ttotal Status Flags
r-devel-linux-x86_64-debian-clang 1.1.2 106.24 359.35 465.59 NOTE
r-devel-linux-x86_64-debian-gcc 1.1.2 71.13 247.86 318.99 NOTE
r-devel-linux-x86_64-fedora-clang 1.1.2 580.71 NOTE
r-devel-linux-x86_64-fedora-gcc 1.1.2 609.15 NOTE
r-devel-windows-x86_64 1.1.2 71.00 263.00 334.00 NOTE
r-patched-linux-x86_64 1.1.2 86.66 341.83 428.49 NOTE
r-release-linux-x86_64 1.1.2 100.34 341.31 441.65 NOTE
r-release-macos-arm64 1.1.2 177.00 ERROR
r-release-macos-x86_64 1.1.2 207.00 NOTE
r-release-windows-x86_64 1.1.2 77.00 261.00 338.00 NOTE
r-oldrel-macos-arm64 1.1.2 211.00 NOTE
r-oldrel-macos-x86_64 1.1.2 268.00 NOTE
r-oldrel-windows-x86_64 1.1.2 94.00 326.00 420.00 NOTE

Check Details

Version: 1.1.2
Check: C++ specification
Result: NOTE Specified C++11: please drop specification unless essential Flavors: r-devel-linux-x86_64-debian-clang, r-devel-linux-x86_64-debian-gcc, r-devel-linux-x86_64-fedora-clang, r-devel-linux-x86_64-fedora-gcc, r-devel-windows-x86_64, r-patched-linux-x86_64, r-release-linux-x86_64, r-release-macos-arm64, r-release-macos-x86_64, r-release-windows-x86_64, r-oldrel-macos-arm64, r-oldrel-macos-x86_64, r-oldrel-windows-x86_64

Version: 1.1.2
Check: Rd files
Result: NOTE checkRd: (-1) VARXFit.Rd:21: Lost braces in \itemize; \value handles \item{}{} directly checkRd: (-1) VARXFit.Rd:22: Lost braces in \itemize; \value handles \item{}{} directly checkRd: (-1) VARXFit.Rd:23: Lost braces in \itemize; \value handles \item{}{} directly checkRd: (-1) VARXFit.Rd:24: Lost braces in \itemize; \value handles \item{}{} directly checkRd: (-1) VARXFit.Rd:25: Lost braces in \itemize; \value handles \item{}{} directly checkRd: (-1) VARXFit.Rd:26: Lost braces in \itemize; \value handles \item{}{} directly checkRd: (-1) VARXLagCons.Rd:25: Lost braces in \itemize; \value handles \item{}{} directly checkRd: (-1) VARXLagCons.Rd:26: Lost braces in \itemize; \value handles \item{}{} directly Flavors: r-devel-linux-x86_64-debian-clang, r-devel-linux-x86_64-debian-gcc, r-devel-linux-x86_64-fedora-clang, r-devel-linux-x86_64-fedora-gcc, r-devel-windows-x86_64, r-patched-linux-x86_64, r-release-linux-x86_64, r-release-macos-arm64, r-release-macos-x86_64, r-release-windows-x86_64

Version: 1.1.2
Check: installed package size
Result: NOTE installed size is 19.0Mb sub-directories of 1Mb or more: doc 1.1Mb libs 17.3Mb Flavors: r-release-macos-arm64, r-release-macos-x86_64, r-oldrel-macos-arm64, r-oldrel-macos-x86_64

Version: 1.1.2
Check: re-building of vignette outputs
Result: ERROR Error(s) in re-building vignettes: ... --- re-building ‘BigVAR.Rmd’ using rmarkdown Quitting from lines 733-784 [unnamed-chunk-26] (BigVAR.Rmd) Error: processing vignette 'BigVAR.Rmd' failed with diagnostics: Unable to import "GDP". Timeout was reached: [fred.stlouisfed.org] Resolving timed out after 10000 milliseconds --- failed re-building ‘BigVAR.Rmd’ SUMMARY: processing the following file failed: ‘BigVAR.Rmd’ Error: Vignette re-building failed. Execution halted Flavor: r-release-macos-arm64