CRAN Package Check Results for Package BivarP

Last updated on 2021-10-25 00:49:05 CEST.

Flavor Version Tinstall Tcheck Ttotal Status Flags
r-devel-linux-x86_64-debian-clang 1.0 8.20 74.04 82.24 NOTE
r-devel-linux-x86_64-debian-gcc 1.0 7.75 57.53 65.28 NOTE
r-devel-linux-x86_64-fedora-clang 1.0 111.65 NOTE
r-devel-linux-x86_64-fedora-gcc 1.0 99.97 NOTE
r-devel-windows-x86_64 1.0 14.00 75.00 89.00 NOTE
r-devel-windows-x86_64-gcc10-UCRT 1.0 NOTE
r-patched-linux-x86_64 1.0 10.72 71.81 82.53 NOTE
r-patched-solaris-x86 1.0 154.20 NOTE
r-release-linux-x86_64 1.0 9.29 71.86 81.15 NOTE
r-release-macos-arm64 1.0 NOTE
r-release-macos-x86_64 1.0 NOTE
r-release-windows-ix86+x86_64 1.0 12.00 92.00 104.00 NOTE
r-oldrel-macos-x86_64 1.0 NOTE
r-oldrel-windows-ix86+x86_64 1.0 21.00 96.00 117.00 NOTE

Check Details

Version: 1.0
Check: R code for possible problems
Result: NOTE
    BiVarEst : gammafit : gammaLik: no visible global function definition
     for 'dgamma'
    BiVarEst : gammafit : gammaLik: no visible global function definition
     for 'pgamma'
    BiVarEst : LiBiCop: no visible global function definition for
     'dweibull'
    BiVarEst : LiBiCop: no visible global function definition for
     'pweibull'
    BiVarEst : LiBiCop: no visible global function definition for 'dlnorm'
    BiVarEst : LiBiCop: no visible global function definition for 'plnorm'
    BiVarEst : LiBiCop: no visible global function definition for 'dnorm'
    BiVarEst : LiBiCop: no visible global function definition for 'pnorm'
    BiVarEst : LiBiCop: no visible global function definition for 'dgamma'
    BiVarEst : LiBiCop: no visible global function definition for 'pgamma'
    dibivar: no visible global function definition for 'pweibull'
    dibivar: no visible global function definition for 'dweibull'
    dibivar: no visible global function definition for 'pgamma'
    dibivar: no visible global function definition for 'dgamma'
    dibivar: no visible global function definition for 'plnorm'
    dibivar: no visible global function definition for 'dlnorm'
    dibivar: no visible global function definition for 'pnorm'
    dibivar: no visible global function definition for 'dnorm'
    gammafit : gammaLik: no visible global function definition for 'dgamma'
    gammafit : gammaLik: no visible global function definition for 'pgamma'
    pibivar: no visible global function definition for 'pweibull'
    pibivar: no visible global function definition for 'pgamma'
    pibivar: no visible global function definition for 'plnorm'
    pibivar: no visible global function definition for 'pnorm'
    subivar: no visible global function definition for 'pweibull'
    subivar: no visible global function definition for 'pgamma'
    subivar: no visible global function definition for 'plnorm'
    subivar: no visible global function definition for 'pnorm'
    Undefined global functions or variables:
     dgamma dlnorm dnorm dweibull pgamma plnorm pnorm pweibull
    Consider adding
     importFrom("stats", "dgamma", "dlnorm", "dnorm", "dweibull", "pgamma",
     "plnorm", "pnorm", "pweibull")
    to your NAMESPACE file.
Flavors: r-devel-linux-x86_64-debian-clang, r-devel-linux-x86_64-debian-gcc, r-devel-linux-x86_64-fedora-clang, r-devel-linux-x86_64-fedora-gcc, r-devel-windows-x86_64, r-devel-windows-x86_64-gcc10-UCRT, r-patched-linux-x86_64, r-patched-solaris-x86, r-release-linux-x86_64, r-release-macos-arm64, r-release-macos-x86_64, r-release-windows-ix86+x86_64, r-oldrel-macos-x86_64, r-oldrel-windows-ix86+x86_64

Version: 1.0
Check: LazyData
Result: NOTE
     'LazyData' is specified without a 'data' directory
Flavors: r-devel-linux-x86_64-debian-clang, r-devel-linux-x86_64-debian-gcc, r-devel-linux-x86_64-fedora-clang, r-devel-linux-x86_64-fedora-gcc, r-devel-windows-x86_64, r-devel-windows-x86_64-gcc10-UCRT, r-patched-linux-x86_64, r-patched-solaris-x86, r-release-linux-x86_64, r-release-macos-arm64, r-release-macos-x86_64, r-release-windows-ix86+x86_64