CRAN Package Check Results for Package Bmix

Last updated on 2021-10-28 00:48:39 CEST.

Flavor Version Tinstall Tcheck Ttotal Status Flags
r-devel-linux-x86_64-debian-clang 0.6 9.29 20.90 30.19 OK
r-devel-linux-x86_64-debian-gcc 0.6 6.78 16.51 23.29 OK
r-devel-linux-x86_64-fedora-clang 0.6 55.07 NOTE
r-devel-linux-x86_64-fedora-gcc 0.6 37.96 NOTE
r-devel-windows-x86_64 0.6 17.00 48.00 65.00 OK
r-devel-windows-x86_64-gcc10-UCRT 0.6 OK
r-patched-linux-x86_64 0.6 8.43 20.31 28.74 OK
r-patched-solaris-x86 0.6 60.60 OK
r-release-linux-x86_64 0.6 8.17 20.29 28.46 OK
r-release-macos-arm64 0.6 OK
r-release-macos-x86_64 0.6 OK
r-release-windows-ix86+x86_64 0.6 27.00 59.00 86.00 OK
r-oldrel-macos-x86_64 0.6 OK
r-oldrel-windows-ix86+x86_64 0.6 27.00 61.00 88.00 OK

Check Details

Version: 0.6
Check: compiled code
Result: NOTE
    File ‘Bmix/libs/Bmix.so’:
     Found no calls to: ‘R_registerRoutines’, ‘R_useDynamicSymbols’
    
    It is good practice to register native routines and to disable symbol
    search.
    
    See ‘Writing portable packages’ in the ‘Writing R Extensions’ manual.
Flavors: r-devel-linux-x86_64-fedora-clang, r-devel-linux-x86_64-fedora-gcc