CRAN Package Check Results for Package BoardGames

Last updated on 2021-10-17 00:48:31 CEST.

Flavor Version Tinstall Tcheck Ttotal Status Flags
r-devel-linux-x86_64-debian-clang 1.0.0 1.95 20.43 22.38 NOTE
r-devel-linux-x86_64-debian-gcc 1.0.0 1.79 16.20 17.99 NOTE
r-devel-linux-x86_64-fedora-clang 1.0.0 40.60 NOTE
r-devel-linux-x86_64-fedora-gcc 1.0.0 27.25 NOTE
r-devel-windows-x86_64 1.0.0 4.00 29.00 33.00 NOTE
r-devel-windows-x86_64-gcc10-UCRT 1.0.0 NOTE
r-patched-linux-x86_64 1.0.0 2.15 20.22 22.37 NOTE
r-patched-solaris-x86 1.0.0 43.20 NOTE
r-release-linux-x86_64 1.0.0 2.13 19.84 21.97 NOTE
r-release-macos-arm64 1.0.0 NOTE
r-release-macos-x86_64 1.0.0 NOTE
r-release-windows-ix86+x86_64 1.0.0 6.00 34.00 40.00 NOTE
r-oldrel-macos-x86_64 1.0.0 OK
r-oldrel-windows-ix86+x86_64 1.0.0 4.00 35.00 39.00 OK

Check Details

Version: 1.0.0
Check: LazyData
Result: NOTE
     'LazyData' is specified without a 'data' directory
Flavors: r-devel-linux-x86_64-debian-clang, r-devel-linux-x86_64-debian-gcc, r-devel-linux-x86_64-fedora-clang, r-devel-linux-x86_64-fedora-gcc, r-devel-windows-x86_64, r-devel-windows-x86_64-gcc10-UCRT, r-patched-linux-x86_64, r-patched-solaris-x86, r-release-linux-x86_64, r-release-macos-arm64, r-release-macos-x86_64, r-release-windows-ix86+x86_64