CRAN Package Check Results for Package BoneProfileR

Last updated on 2022-01-24 00:47:28 CET.

Flavor Version Tinstall Tcheck Ttotal Status Flags
r-devel-linux-x86_64-debian-clang 2.0 13.25 106.98 120.23 OK
r-devel-linux-x86_64-debian-gcc 2.0 11.79 93.68 105.47 OK
r-devel-linux-x86_64-fedora-clang 2.0 159.30 OK
r-devel-linux-x86_64-fedora-gcc 2.0 133.23 OK
r-devel-windows-x86_64-new-UL 2.0 73.00 127.00 200.00 OK
r-devel-windows-x86_64-new-TK 2.0 ERROR
r-patched-linux-x86_64 2.0 13.36 100.57 113.93 OK
r-release-linux-x86_64 2.0 13.40 101.39 114.79 OK
r-release-macos-arm64 2.0 OK
r-release-macos-x86_64 2.0 OK
r-release-windows-ix86+x86_64 2.0 28.00 125.00 153.00 OK

Check Details

Version: 2.0
Check: package dependencies
Result: ERROR
    Package required but not available: 'HelpersMG'
    
    See section 'The DESCRIPTION file' in the 'Writing R Extensions'
    manual.
Flavor: r-devel-windows-x86_64-new-TK