CRAN Package Check Results for Package Boom

Last updated on 2021-10-25 00:49:05 CEST.

Flavor Version Tinstall Tcheck Ttotal Status Flags
r-devel-linux-x86_64-debian-clang 0.9.7 1684.53 41.32 1725.85 NOTE
r-devel-linux-x86_64-debian-gcc 0.9.7 1162.06 39.38 1201.44 NOTE
r-devel-linux-x86_64-fedora-clang 0.9.7 2743.66 NOTE
r-devel-linux-x86_64-fedora-gcc 0.9.7 2151.12 NOTE
r-devel-windows-x86_64 0.9.7 1867.00 75.00 1942.00 NOTE
r-devel-windows-x86_64-gcc10-UCRT 0.9.7 NOTE
r-patched-linux-x86_64 0.9.7 1581.84 49.02 1630.86 NOTE
r-release-linux-x86_64 0.9.7 1579.48 49.23 1628.71 NOTE
r-release-macos-arm64 0.9.7 NOTE
r-release-macos-x86_64 0.9.7 NOTE
r-release-windows-ix86+x86_64 0.9.7 3005.00 70.00 3075.00 NOTE
r-oldrel-macos-x86_64 0.9.7 NOTE
r-oldrel-windows-ix86+x86_64 0.9.7 3826.00 85.00 3911.00 NOTE

Check Details

Version: 0.9.7
Check: for GNU extensions in Makefiles
Result: NOTE
    GNU make is a SystemRequirements.
Flavors: r-devel-linux-x86_64-debian-clang, r-devel-linux-x86_64-debian-gcc, r-devel-linux-x86_64-fedora-clang, r-devel-linux-x86_64-fedora-gcc, r-devel-windows-x86_64, r-devel-windows-x86_64-gcc10-UCRT, r-patched-linux-x86_64, r-release-linux-x86_64, r-release-macos-arm64, r-release-macos-x86_64, r-release-windows-ix86+x86_64, r-oldrel-macos-x86_64, r-oldrel-windows-ix86+x86_64

Version: 0.9.7
Check: installed package size
Result: NOTE
     installed size is 304.0Mb
     sub-directories of 1Mb or more:
     include 9.0Mb
     lib 294.6Mb
Flavors: r-devel-linux-x86_64-fedora-clang, r-devel-windows-x86_64, r-release-macos-arm64, r-release-macos-x86_64, r-release-windows-ix86+x86_64, r-oldrel-macos-x86_64, r-oldrel-windows-ix86+x86_64