CRAN Package Check Results for Package Brundle

Last updated on 2021-10-20 00:49:33 CEST.

Flavor Version Tinstall Tcheck Ttotal Status Flags
r-devel-linux-x86_64-debian-clang 1.0.9 71.47 644.86 716.33 OK
r-devel-linux-x86_64-debian-gcc 1.0.9 54.97 481.23 536.20 OK
r-devel-linux-x86_64-fedora-clang 1.0.9 944.54 OK
r-devel-linux-x86_64-fedora-gcc 1.0.9 920.12 OK
r-devel-windows-x86_64 1.0.9 35.00 10.00 45.00 ERROR
r-devel-windows-x86_64-gcc10-UCRT 1.0.9 ERROR
r-patched-linux-x86_64 1.0.9 71.81 610.26 682.07 OK
r-release-linux-x86_64 1.0.9 65.16 610.31 675.47 OK
r-release-macos-arm64 1.0.9 OK
r-release-macos-x86_64 1.0.9 ERROR
r-release-windows-ix86+x86_64 1.0.9 149.00 719.00 868.00 OK
r-oldrel-macos-x86_64 1.0.9 OK
r-oldrel-windows-ix86+x86_64 1.0.9 220.00 743.00 963.00 OK

Check Details

Version: 1.0.9
Check: whether package can be installed
Result: ERROR
    Installation failed.
Flavors: r-devel-windows-x86_64, r-release-macos-x86_64

Version: 1.0.9
Check: package dependencies
Result: ERROR
    Packages required but not available: 'DiffBind', 'DESeq2'
    
    See section 'The DESCRIPTION file' in the 'Writing R Extensions'
    manual.
Flavor: r-devel-windows-x86_64-gcc10-UCRT