CRAN Package Check Results for Package Buddle

Last updated on 2021-10-16 00:49:09 CEST.

Flavor Version Tinstall Tcheck Ttotal Status Flags
r-devel-linux-x86_64-debian-clang 2.0.1 46.06 32.88 78.94 OK
r-devel-linux-x86_64-debian-gcc 2.0.1 36.54 25.74 62.28 OK
r-devel-linux-x86_64-fedora-clang 2.0.1 122.07 OK
r-devel-linux-x86_64-fedora-gcc 2.0.1 106.32 OK
r-devel-windows-x86_64 2.0.1 50.00 56.00 106.00 OK
r-devel-windows-x86_64-gcc10-UCRT 2.0.1 OK
r-patched-linux-x86_64 2.0.1 42.75 31.83 74.58 OK
r-patched-solaris-x86 2.0.1 108.40 OK
r-release-linux-x86_64 2.0.1 43.48 31.33 74.81 OK
r-release-macos-arm64 2.0.1 NOTE
r-release-macos-x86_64 2.0.1 NOTE
r-release-windows-ix86+x86_64 2.0.1 114.00 84.00 198.00 OK
r-oldrel-macos-x86_64 2.0.1 NOTE
r-oldrel-windows-ix86+x86_64 2.0.1 116.00 77.00 193.00 OK

Check Details

Version: 2.0.1
Check: installed package size
Result: NOTE
     installed size is 5.6Mb
     sub-directories of 1Mb or more:
     libs 5.4Mb
Flavors: r-release-macos-arm64, r-release-macos-x86_64, r-oldrel-macos-x86_64