CRAN Package Check Results for Package BusinessDuration

Last updated on 2021-10-17 00:48:32 CEST.

Flavor Version Tinstall Tcheck Ttotal Status Flags
r-devel-linux-x86_64-debian-clang 0.2.0 2.19 20.32 22.51 NOTE
r-devel-linux-x86_64-debian-gcc 0.2.0 1.75 16.25 18.00 NOTE
r-devel-linux-x86_64-fedora-clang 0.2.0 39.93 NOTE
r-devel-linux-x86_64-fedora-gcc 0.2.0 27.35 NOTE
r-devel-windows-x86_64 0.2.0 4.00 33.00 37.00 NOTE
r-devel-windows-x86_64-gcc10-UCRT 0.2.0 NOTE
r-patched-linux-x86_64 0.2.0 2.19 19.96 22.15 NOTE
r-patched-solaris-x86 0.2.0 47.00 NOTE
r-release-linux-x86_64 0.2.0 2.15 19.99 22.14 NOTE
r-release-macos-arm64 0.2.0 NOTE
r-release-macos-x86_64 0.2.0 NOTE
r-release-windows-ix86+x86_64 0.2.0 4.00 41.00 45.00 NOTE
r-oldrel-macos-x86_64 0.2.0 OK
r-oldrel-windows-ix86+x86_64 0.2.0 6.00 37.00 43.00 OK

Check Details

Version: 0.2.0
Check: LazyData
Result: NOTE
     'LazyData' is specified without a 'data' directory
Flavors: r-devel-linux-x86_64-debian-clang, r-devel-linux-x86_64-debian-gcc, r-devel-linux-x86_64-fedora-clang, r-devel-linux-x86_64-fedora-gcc, r-devel-windows-x86_64, r-devel-windows-x86_64-gcc10-UCRT, r-patched-linux-x86_64, r-patched-solaris-x86, r-release-linux-x86_64, r-release-macos-arm64, r-release-macos-x86_64, r-release-windows-ix86+x86_64