CRAN Package Check Results for Package CAISEr

Last updated on 2021-10-26 00:59:46 CEST.

Flavor Version Tinstall Tcheck Ttotal Status Flags
r-devel-linux-x86_64-debian-clang 1.0.16 4.03 120.64 124.67 NOTE
r-devel-linux-x86_64-debian-gcc 1.0.16 3.21 94.35 97.56 NOTE
r-devel-linux-x86_64-fedora-clang 1.0.16 156.04 NOTE
r-devel-linux-x86_64-fedora-gcc 1.0.16 143.37 NOTE
r-devel-windows-x86_64 1.0.16 7.00 191.00 198.00 NOTE
r-devel-windows-x86_64-gcc10-UCRT 1.0.16 NOTE
r-patched-linux-x86_64 1.0.16 4.34 59.98 64.32 NOTE
r-patched-solaris-x86 1.0.16 91.40 NOTE
r-release-linux-x86_64 1.0.16 4.06 62.69 66.75 NOTE
r-release-macos-arm64 1.0.16 NOTE
r-release-macos-x86_64 1.0.16 NOTE
r-release-windows-ix86+x86_64 1.0.16 7.00 85.00 92.00 NOTE
r-oldrel-macos-x86_64 1.0.16 OK
r-oldrel-windows-ix86+x86_64 1.0.16 8.00 92.00 100.00 OK

Check Details

Version: 1.0.16
Check: LazyData
Result: NOTE
     'LazyData' is specified without a 'data' directory
Flavors: r-devel-linux-x86_64-debian-clang, r-devel-linux-x86_64-debian-gcc, r-devel-linux-x86_64-fedora-clang, r-devel-linux-x86_64-fedora-gcc, r-devel-windows-x86_64, r-devel-windows-x86_64-gcc10-UCRT, r-patched-linux-x86_64, r-patched-solaris-x86, r-release-linux-x86_64, r-release-macos-arm64, r-release-macos-x86_64, r-release-windows-ix86+x86_64