Last updated on 2023-01-30 00:31:07 CET.
Flavor | Version | Tinstall | Tcheck | Ttotal | Status | Flags |
---|---|---|---|---|---|---|
r-devel-linux-x86_64-debian-clang | 0.2.3 | 47.73 | 392.61 | 440.34 | OK | |
r-devel-linux-x86_64-debian-gcc | 0.2.3 | 38.32 | 293.73 | 332.05 | OK | |
r-devel-linux-x86_64-fedora-clang | 0.2.3 | 569.12 | OK | |||
r-devel-linux-x86_64-fedora-gcc | 0.2.3 | 545.11 | OK | |||
r-devel-windows-x86_64 | 0.2.3 | 45.00 | 416.00 | 461.00 | OK | |
r-patched-linux-x86_64 | 0.2.3 | 47.81 | 379.07 | 426.88 | OK | |
r-release-linux-x86_64 | 0.2.3 | 41.66 | 382.32 | 423.98 | OK | |
r-release-macos-arm64 | 0.2.3 | 6.00 | ERROR | |||
r-release-macos-x86_64 | 0.2.3 | 195.00 | OK | |||
r-release-windows-x86_64 | 0.2.3 | 46.00 | 423.00 | 469.00 | OK | |
r-oldrel-macos-arm64 | 0.2.3 | 146.00 | OK | |||
r-oldrel-macos-x86_64 | 0.2.3 | 191.00 | OK | |||
r-oldrel-windows-ix86+x86_64 | 0.2.3 | 97.00 | 372.00 | 469.00 | OK |
Version: 0.2.3
Check: package dependencies
Result: ERROR
Package required but not available: ‘org.Dr.eg.db’
See section ‘The DESCRIPTION file’ in the ‘Writing R Extensions’
manual.
Flavor: r-release-macos-arm64