Last updated on 2023-03-30 00:51:49 CEST.
Flavor | Version | Tinstall | Tcheck | Ttotal | Status | Flags |
---|---|---|---|---|---|---|
r-devel-linux-x86_64-debian-clang | 3.3.1 | 94.32 | 286.64 | 380.96 | OK | |
r-devel-linux-x86_64-debian-gcc | 3.3.1 | 75.14 | 210.88 | 286.02 | OK | |
r-devel-linux-x86_64-fedora-clang | 3.3.1 | 492.22 | OK | |||
r-devel-linux-x86_64-fedora-gcc | 3.3.1 | 505.09 | OK | |||
r-devel-windows-x86_64 | 3.3.1 | 122.00 | 0.00 | 122.00 | OK | |
r-patched-linux-x86_64 | 3.3.1 | 72.23 | 270.52 | 342.75 | OK | |
r-release-linux-x86_64 | 3.3.1 | 80.40 | 268.53 | 348.93 | OK | |
r-release-macos-arm64 | 3.3.1 | 117.00 | NOTE | |||
r-release-macos-x86_64 | 3.3.1 | 165.00 | NOTE | |||
r-release-windows-x86_64 | 3.3.1 | 77.00 | 335.00 | 412.00 | OK | |
r-oldrel-macos-arm64 | 3.3.1 | 98.00 | NOTE | |||
r-oldrel-macos-x86_64 | 3.3.1 | 166.00 | NOTE | |||
r-oldrel-windows-ix86+x86_64 | 3.3.1 | 177.00 | 362.00 | 539.00 | OK |
Version: 3.3.1
Check: installed package size
Result: NOTE
installed size is 7.8Mb
sub-directories of 1Mb or more:
libs 5.9Mb
Flavors: r-release-macos-arm64, r-release-macos-x86_64, r-oldrel-macos-arm64, r-oldrel-macos-x86_64