CRAN Package Check Results for Package CCMMR

Last updated on 2025-04-30 00:49:38 CEST.

Flavor Version Tinstall Tcheck Ttotal Status Flags
r-devel-linux-x86_64-debian-clang 0.2.1 41.70 29.10 70.80 OK
r-devel-linux-x86_64-debian-gcc 0.2.1 29.18 23.26 52.44 OK
r-devel-linux-x86_64-fedora-clang 0.2.1 126.11 OK
r-devel-linux-x86_64-fedora-gcc 0.2.1 132.78 OK
r-devel-windows-x86_64 0.2.1 47.00 71.00 118.00 OK
r-patched-linux-x86_64 0.2.1 41.28 28.76 70.04 OK
r-release-linux-x86_64 0.2.1 39.53 28.94 68.47 OK
r-release-macos-arm64 0.2.1 35.00 OK
r-release-macos-x86_64 0.2.1 51.00 OK
r-release-windows-x86_64 0.2.1 49.00 69.00 118.00 OK
r-oldrel-macos-arm64 0.2.1 37.00 NOTE
r-oldrel-macos-x86_64 0.2.1 54.00 NOTE
r-oldrel-windows-x86_64 0.2.1 52.00 79.00 131.00 NOTE

Check Details

Version: 0.2.1
Check: installed package size
Result: NOTE installed size is 22.1Mb sub-directories of 1Mb or more: doc 16.4Mb libs 5.6Mb Flavors: r-oldrel-macos-arm64, r-oldrel-macos-x86_64, r-oldrel-windows-x86_64