CRAN Package Check Results for Package CDatanet

Last updated on 2024-02-29 00:55:35 CET.

Flavor Version Tinstall Tcheck Ttotal Status Flags
r-devel-linux-x86_64-debian-clang 2.1.2 254.50 88.20 342.70 NOTE
r-devel-linux-x86_64-debian-gcc 2.1.2 229.70 71.20 300.90 NOTE
r-devel-linux-x86_64-fedora-clang 2.1.2 456.98 NOTE
r-devel-linux-x86_64-fedora-gcc 2.1.2 566.52 NOTE
r-devel-windows-x86_64 2.1.2 201.00 120.00 321.00 OK
r-patched-linux-x86_64 2.1.2 200.73 91.17 291.90 OK
r-release-linux-x86_64 2.1.2 197.97 91.69 289.66 OK
r-release-macos-arm64 2.1.2 104.00 NOTE
r-release-macos-x86_64 2.1.2 139.00 NOTE
r-release-windows-x86_64 2.1.2 263.00 145.00 408.00 OK
r-oldrel-macos-arm64 2.1.2 106.00 NOTE
r-oldrel-windows-x86_64 2.1.2 254.00 130.00 384.00 OK

Check Details

Version: 2.1.2
Check: Rd files
Result: NOTE checkRd: (-1) cdnet.Rd:90: Lost braces in \itemize; meant \describe ? checkRd: (-1) cdnet.Rd:91: Lost braces in \itemize; meant \describe ? checkRd: (-1) cdnet.Rd:92: Lost braces in \itemize; meant \describe ? checkRd: (-1) cdnet.Rd:93: Lost braces in \itemize; meant \describe ? Flavors: r-devel-linux-x86_64-debian-clang, r-devel-linux-x86_64-debian-gcc, r-devel-linux-x86_64-fedora-clang, r-devel-linux-x86_64-fedora-gcc

Version: 2.1.2
Check: installed package size
Result: NOTE installed size is 22.4Mb sub-directories of 1Mb or more: libs 22.1Mb Flavors: r-release-macos-arm64, r-release-macos-x86_64, r-oldrel-macos-arm64