Last updated on 2023-03-26 00:51:39 CET.
Flavor | Version | Tinstall | Tcheck | Ttotal | Status | Flags |
---|---|---|---|---|---|---|
r-devel-linux-x86_64-debian-clang | 1.90 | 5.02 | 42.95 | 47.97 | OK | |
r-devel-linux-x86_64-debian-gcc | 1.90 | 4.02 | 32.77 | 36.79 | OK | |
r-devel-linux-x86_64-fedora-gcc | 1.90 | 59.02 | NOTE | |||
r-devel-windows-x86_64 | 1.90 | 67.00 | 96.00 | 163.00 | OK | |
r-patched-linux-x86_64 | 1.90 | 5.17 | 38.36 | 43.53 | OK | |
r-release-linux-x86_64 | 1.90 | 4.82 | 38.79 | 43.61 | OK | |
r-release-macos-arm64 | 1.90 | 37.00 | NOTE | |||
r-release-macos-x86_64 | 1.90 | 56.00 | NOTE | |||
r-release-windows-x86_64 | 1.90 | 29.00 | 80.00 | 109.00 | OK | |
r-oldrel-macos-arm64 | 1.90 | 43.00 | NOTE | |||
r-oldrel-macos-x86_64 | 1.90 | 56.00 | NOTE | |||
r-oldrel-windows-ix86+x86_64 | 1.90 | 12.00 | 75.00 | 87.00 | OK |
Version: 1.90
Check: data for non-ASCII characters
Result: NOTE
Note: found 907 marked UTF-8 strings
Flavors: r-devel-linux-x86_64-fedora-gcc, r-release-macos-arm64, r-release-macos-x86_64, r-oldrel-macos-arm64, r-oldrel-macos-x86_64