CRAN Package Check Results for Package CKLRT

Last updated on 2024-06-25 00:57:55 CEST.

Flavor Version Tinstall Tcheck Ttotal Status Flags
r-devel-linux-x86_64-debian-clang 0.2.3 71.81 76.20 148.01 NOTE
r-devel-linux-x86_64-debian-gcc 0.2.3 51.63 63.05 114.68 NOTE
r-devel-linux-x86_64-fedora-clang 0.2.3 189.05 NOTE
r-devel-linux-x86_64-fedora-gcc 0.2.3 213.89 NOTE
r-devel-windows-x86_64 0.2.3 51.00 106.00 157.00 NOTE
r-patched-linux-x86_64 0.2.3 63.51 78.81 142.32 NOTE
r-release-linux-x86_64 0.2.3 60.52 81.66 142.18 NOTE
r-release-macos-arm64 0.2.3 50.00 NOTE
r-release-macos-x86_64 0.2.3 77.00 NOTE
r-release-windows-x86_64 0.2.3 54.00 106.00 160.00 NOTE
r-oldrel-macos-arm64 0.2.3 57.00 NOTE
r-oldrel-macos-x86_64 0.2.3 89.00 NOTE
r-oldrel-windows-x86_64 0.2.3 65.00 125.00 190.00 NOTE

Check Details

Version: 0.2.3
Check: LazyData
Result: NOTE 'LazyData' is specified without a 'data' directory Flavors: r-devel-linux-x86_64-debian-clang, r-devel-linux-x86_64-debian-gcc, r-devel-linux-x86_64-fedora-clang, r-devel-linux-x86_64-fedora-gcc, r-devel-windows-x86_64, r-patched-linux-x86_64, r-release-linux-x86_64, r-release-macos-arm64, r-release-macos-x86_64, r-release-windows-x86_64, r-oldrel-macos-arm64, r-oldrel-macos-x86_64, r-oldrel-windows-x86_64

Version: 0.2.3
Check: installed package size
Result: NOTE installed size is 21.2Mb sub-directories of 1Mb or more: libs 20.9Mb Flavors: r-release-macos-arm64, r-release-macos-x86_64, r-oldrel-macos-arm64, r-oldrel-macos-x86_64