Last updated on 2023-03-27 00:50:20 CEST.
Flavor | Version | Tinstall | Tcheck | Ttotal | Status | Flags |
---|---|---|---|---|---|---|
r-devel-linux-x86_64-debian-clang | 2.0-12 | 14.99 | 127.93 | 142.92 | NOTE | |
r-devel-linux-x86_64-debian-gcc | 2.0-12 | 13.79 | 99.18 | 112.97 | NOTE | |
r-devel-linux-x86_64-fedora-gcc | 2.0-12 | 177.40 | NOTE | |||
r-devel-windows-x86_64 | 2.0-12 | 40.00 | 167.00 | 207.00 | NOTE | |
r-patched-linux-x86_64 | 2.0-12 | 16.49 | 122.75 | 139.24 | NOTE | |
r-release-linux-x86_64 | 2.0-12 | 13.22 | 127.47 | 140.69 | OK | |
r-release-macos-arm64 | 2.0-12 | 50.00 | OK | |||
r-release-macos-x86_64 | 2.0-12 | 85.00 | OK | |||
r-release-windows-x86_64 | 2.0-12 | 41.00 | 160.00 | 201.00 | OK | |
r-oldrel-macos-arm64 | 2.0-12 | 58.00 | OK | |||
r-oldrel-macos-x86_64 | 2.0-12 | 103.00 | OK | |||
r-oldrel-windows-ix86+x86_64 | 2.0-12 | 33.00 | 159.00 | 192.00 | OK |
Version: 2.0-12
Check: Rd files
Result: NOTE
checkRd: (-1) clme.Rd:84: Escaped LaTeX specials: \&
Flavors: r-devel-linux-x86_64-debian-clang, r-devel-linux-x86_64-debian-gcc, r-devel-linux-x86_64-fedora-gcc, r-devel-windows-x86_64, r-patched-linux-x86_64