Last updated on 2023-03-26 00:51:39 CET.
Flavor | Version | Tinstall | Tcheck | Ttotal | Status | Flags |
---|---|---|---|---|---|---|
r-devel-linux-x86_64-debian-clang | 0.1.0 | 2.30 | 19.53 | 21.83 | NOTE | |
r-devel-linux-x86_64-debian-gcc | 0.1.0 | 1.46 | 15.72 | 17.18 | NOTE | |
r-devel-linux-x86_64-fedora-gcc | 0.1.0 | 27.10 | NOTE | |||
r-devel-windows-x86_64 | 0.1.0 | 10.00 | 49.00 | 59.00 | NOTE | |
r-patched-linux-x86_64 | 0.1.0 | 2.01 | 21.26 | 23.27 | NOTE | |
r-release-linux-x86_64 | 0.1.0 | 1.54 | 20.89 | 22.43 | NOTE | |
r-release-macos-arm64 | 0.1.0 | 16.00 | NOTE | |||
r-release-macos-x86_64 | 0.1.0 | 22.00 | NOTE | |||
r-release-windows-x86_64 | 0.1.0 | 10.00 | 47.00 | 57.00 | NOTE | |
r-oldrel-macos-arm64 | 0.1.0 | 19.00 | NOTE | |||
r-oldrel-macos-x86_64 | 0.1.0 | 24.00 | NOTE | |||
r-oldrel-windows-ix86+x86_64 | 0.1.0 | 7.00 | 48.00 | 55.00 | NOTE |
Version: 0.1.0
Check: LazyData
Result: NOTE
'LazyData' is specified without a 'data' directory
Flavors: r-devel-linux-x86_64-debian-clang, r-devel-linux-x86_64-debian-gcc, r-devel-linux-x86_64-fedora-gcc, r-devel-windows-x86_64, r-patched-linux-x86_64, r-release-linux-x86_64, r-release-macos-arm64, r-release-macos-x86_64, r-release-windows-x86_64, r-oldrel-macos-arm64, r-oldrel-macos-x86_64, r-oldrel-windows-ix86+x86_64
Version: 0.1.0
Check: dependencies in R code
Result: NOTE
Namespaces in Imports field not imported from:
‘MASS’ ‘cluster’ ‘datasets’ ‘dplyr’ ‘klaR’ ‘psycho’ ‘shiny’
All declared Imports should be used.
Flavors: r-devel-linux-x86_64-fedora-gcc, r-release-macos-arm64, r-release-macos-x86_64, r-oldrel-macos-arm64, r-oldrel-macos-x86_64