CRAN Package Check Results for Package CMapViz

Last updated on 2021-10-16 00:49:10 CEST.

Flavor Version Tinstall Tcheck Ttotal Status Flags
r-devel-linux-x86_64-debian-clang 0.1.0 5.31 50.41 55.72 NOTE
r-devel-linux-x86_64-debian-gcc 0.1.0 4.10 37.21 41.31 NOTE
r-devel-linux-x86_64-fedora-clang 0.1.0 75.16 NOTE
r-devel-linux-x86_64-fedora-gcc 0.1.0 63.34 NOTE
r-devel-windows-x86_64 0.1.0 9.00 61.00 70.00 NOTE
r-devel-windows-x86_64-gcc10-UCRT 0.1.0 NOTE
r-patched-linux-x86_64 0.1.0 5.43 46.71 52.14 NOTE
r-patched-solaris-x86 0.1.0 94.20 NOTE
r-release-linux-x86_64 0.1.0 5.11 46.59 51.70 NOTE
r-release-macos-arm64 0.1.0 NOTE
r-release-macos-x86_64 0.1.0 NOTE
r-release-windows-ix86+x86_64 0.1.0 15.00 68.00 83.00 NOTE
r-oldrel-macos-x86_64 0.1.0 OK
r-oldrel-windows-ix86+x86_64 0.1.0 15.00 69.00 84.00 OK

Check Details

Version: 0.1.0
Check: LazyData
Result: NOTE
     'LazyData' is specified without a 'data' directory
Flavors: r-devel-linux-x86_64-debian-clang, r-devel-linux-x86_64-debian-gcc, r-devel-linux-x86_64-fedora-clang, r-devel-linux-x86_64-fedora-gcc, r-devel-windows-x86_64, r-devel-windows-x86_64-gcc10-UCRT, r-patched-linux-x86_64, r-patched-solaris-x86, r-release-linux-x86_64, r-release-macos-arm64, r-release-macos-x86_64, r-release-windows-ix86+x86_64