CRAN Package Check Results for Package CMapViz

Last updated on 2024-06-19 00:49:25 CEST.

Flavor Version Tinstall Tcheck Ttotal Status Flags
r-devel-linux-x86_64-debian-clang 0.1.0 7.81 52.41 60.22 NOTE
r-devel-linux-x86_64-debian-gcc 0.1.0 5.27 39.89 45.16 NOTE
r-devel-linux-x86_64-fedora-clang 0.1.0 75.39 NOTE
r-devel-linux-x86_64-fedora-gcc 0.1.0 72.09 NOTE
r-devel-windows-x86_64 0.1.0 7.00 58.00 65.00 NOTE
r-patched-linux-x86_64 0.1.0 6.94 51.50 58.44 NOTE
r-release-linux-x86_64 0.1.0 4.35 50.59 54.94 NOTE
r-release-macos-arm64 0.1.0 26.00 NOTE
r-release-macos-x86_64 0.1.0 41.00 NOTE
r-release-windows-x86_64 0.1.0 8.00 59.00 67.00 NOTE
r-oldrel-macos-arm64 0.1.0 27.00 NOTE
r-oldrel-macos-x86_64 0.1.0 38.00 NOTE
r-oldrel-windows-x86_64 0.1.0 10.00 65.00 75.00 NOTE

Check Details

Version: 0.1.0
Check: LazyData
Result: NOTE 'LazyData' is specified without a 'data' directory Flavors: r-devel-linux-x86_64-debian-clang, r-devel-linux-x86_64-debian-gcc, r-devel-linux-x86_64-fedora-clang, r-devel-linux-x86_64-fedora-gcc, r-devel-windows-x86_64, r-patched-linux-x86_64, r-release-linux-x86_64, r-release-macos-arm64, r-release-macos-x86_64, r-release-windows-x86_64, r-oldrel-macos-arm64, r-oldrel-macos-x86_64, r-oldrel-windows-x86_64