CRAN Package Check Results for Package COMIX

Last updated on 2024-03-05 00:51:34 CET.

Flavor Version Tinstall Tcheck Ttotal Status Flags
r-devel-linux-x86_64-debian-clang 1.0.0 152.90 82.17 235.07 NOTE
r-devel-linux-x86_64-debian-gcc 1.0.0 127.50 62.92 190.42 NOTE
r-devel-linux-x86_64-fedora-clang 1.0.0 362.40 NOTE
r-devel-linux-x86_64-fedora-gcc 1.0.0 369.52 NOTE
r-devel-windows-x86_64 1.0.0 119.00 102.00 221.00 NOTE
r-patched-linux-x86_64 1.0.0 146.78 81.59 228.37 NOTE
r-release-linux-x86_64 1.0.0 124.86 81.09 205.95 NOTE
r-release-macos-arm64 1.0.0 88.00 NOTE
r-release-macos-x86_64 1.0.0 156.00 NOTE
r-release-windows-x86_64 1.0.0 160.00 130.00 290.00 NOTE
r-oldrel-macos-arm64 1.0.0 80.00 NOTE
r-oldrel-windows-x86_64 1.0.0 159.00 119.00 278.00 OK

Check Details

Version: 1.0.0
Check: C++ specification
Result: NOTE Specified C++11: please drop specification unless essential Flavors: r-devel-linux-x86_64-debian-clang, r-devel-linux-x86_64-debian-gcc, r-devel-linux-x86_64-fedora-clang, r-devel-linux-x86_64-fedora-gcc, r-devel-windows-x86_64, r-patched-linux-x86_64, r-release-linux-x86_64, r-release-macos-arm64, r-release-macos-x86_64, r-release-windows-x86_64

Version: 1.0.0
Check: installed package size
Result: NOTE installed size is 17.3Mb sub-directories of 1Mb or more: doc 1.8Mb libs 15.2Mb Flavors: r-release-macos-arm64, r-release-macos-x86_64, r-oldrel-macos-arm64