CRAN Package Check Results for Package CPAT

Last updated on 2024-06-14 00:53:38 CEST.

Flavor Version Tinstall Tcheck Ttotal Status Flags
r-devel-linux-x86_64-debian-clang 0.1.0 39.88 99.42 139.30 OK
r-devel-linux-x86_64-debian-gcc 0.1.0 0.42 1.54 1.96 ERROR
r-devel-linux-x86_64-fedora-clang 0.1.0 185.63 NOTE
r-devel-linux-x86_64-fedora-gcc 0.1.0 165.29 NOTE
r-devel-windows-x86_64 0.1.0 34.00 123.00 157.00 OK
r-patched-linux-x86_64 0.1.0 34.42 81.84 116.26 OK
r-release-linux-x86_64 0.1.0 32.85 81.63 114.48 OK
r-release-macos-arm64 0.1.0 49.00 OK
r-release-macos-x86_64 0.1.0 82.00 OK
r-release-windows-x86_64 0.1.0 34.00 128.00 162.00 OK
r-oldrel-macos-arm64 0.1.0 60.00 OK
r-oldrel-macos-x86_64 0.1.0 90.00 OK
r-oldrel-windows-x86_64 0.1.0 43.00 135.00 178.00 OK

Check Details

Version: 0.1.0
Check: package dependencies
Result: ERROR Package required but not available: ‘purrr’ Packages suggested but not available for checking: 'ggplot2', 'dplyr', 'testthat' See section ‘The DESCRIPTION file’ in the ‘Writing R Extensions’ manual. Flavor: r-devel-linux-x86_64-debian-gcc

Version: 0.1.0
Check: dependencies in R code
Result: NOTE Namespaces in Imports field not imported from: ‘Rdpack’ ‘grDevices’ All declared Imports should be used. Flavors: r-devel-linux-x86_64-fedora-clang, r-devel-linux-x86_64-fedora-gcc