Last updated on 2023-10-05 01:01:41 CEST.
Flavor | Version | Tinstall | Tcheck | Ttotal | Status | Flags |
---|---|---|---|---|---|---|
r-devel-linux-x86_64-debian-clang | 0.1.0 | 37.09 | 96.84 | 133.93 | OK | |
r-devel-linux-x86_64-debian-gcc | 0.1.0 | 32.63 | 61.20 | 93.83 | OK | |
r-devel-linux-x86_64-fedora-clang | 0.1.0 | 185.03 | NOTE | |||
r-devel-linux-x86_64-fedora-gcc | 0.1.0 | 162.85 | NOTE | |||
r-devel-windows-x86_64 | 0.1.0 | 34.00 | 124.00 | 158.00 | OK | |
r-patched-linux-x86_64 | 0.1.0 | 40.77 | 83.86 | 124.63 | OK | |
r-release-linux-x86_64 | 0.1.0 | 40.09 | 80.26 | 120.35 | OK | |
r-release-macos-arm64 | 0.1.0 | 60.00 | OK | |||
r-release-macos-x86_64 | 0.1.0 | 90.00 | OK | |||
r-release-windows-x86_64 | 0.1.0 | 43.00 | 133.00 | 176.00 | OK | |
r-oldrel-macos-arm64 | 0.1.0 | 49.00 | NOTE | |||
r-oldrel-macos-x86_64 | 0.1.0 | 79.00 | NOTE | |||
r-oldrel-windows-x86_64 | 0.1.0 | 39.00 | 126.00 | 165.00 | OK |
Version: 0.1.0
Check: dependencies in R code
Result: NOTE
Namespaces in Imports field not imported from:
‘Rdpack’ ‘grDevices’
All declared Imports should be used.
Flavors: r-devel-linux-x86_64-fedora-clang, r-devel-linux-x86_64-fedora-gcc, r-oldrel-macos-arm64, r-oldrel-macos-x86_64