Last updated on 2023-09-23 00:53:50 CEST.
Flavor | Version | Tinstall | Tcheck | Ttotal | Status | Flags |
---|---|---|---|---|---|---|
r-devel-linux-x86_64-debian-clang | 5.0.1 | 48.18 | 269.18 | 317.36 | OK | |
r-devel-linux-x86_64-debian-gcc | 5.0.1 | 40.23 | 198.72 | 238.95 | OK | |
r-devel-linux-x86_64-fedora-clang | 5.0.1 | 387.62 | NOTE | |||
r-devel-linux-x86_64-fedora-gcc | 5.0.1 | 418.02 | OK | |||
r-devel-windows-x86_64 | 5.0.1 | 53.00 | 214.00 | 267.00 | OK | |
r-patched-linux-x86_64 | 5.0.1 | 46.28 | 256.10 | 302.38 | OK | |
r-release-linux-x86_64 | 5.0.1 | 47.69 | 257.85 | 305.54 | OK | |
r-release-macos-arm64 | 5.0.1 | 108.00 | OK | |||
r-release-macos-x86_64 | 5.0.1 | 275.00 | OK | |||
r-release-windows-x86_64 | 5.0.1 | 64.00 | 266.00 | 330.00 | OK | |
r-oldrel-macos-arm64 | 5.0.1 | 109.00 | OK | |||
r-oldrel-macos-x86_64 | 5.0.1 | 140.00 | OK | |||
r-oldrel-windows-x86_64 | 5.0.1 | 63.00 | 252.00 | 315.00 | OK |
Version: 5.0.1
Check: installed package size
Result: NOTE
installed size is 6.0Mb
sub-directories of 1Mb or more:
doc 2.3Mb
libs 2.1Mb
Flavor: r-devel-linux-x86_64-fedora-clang