Last updated on 2023-12-02 00:51:53 CET.
Flavor | Version | Tinstall | Tcheck | Ttotal | Status | Flags |
---|---|---|---|---|---|---|
r-devel-linux-x86_64-debian-clang | 1.0.2 | 5.53 | 36.96 | 42.49 | NOTE | |
r-devel-linux-x86_64-debian-gcc | 1.0.2 | 4.73 | 28.49 | 33.22 | NOTE | |
r-devel-linux-x86_64-fedora-clang | 1.0.2 | 53.33 | NOTE | |||
r-devel-linux-x86_64-fedora-gcc | 1.0.2 | 51.23 | NOTE | |||
r-devel-windows-x86_64 | 1.0.2 | 7.00 | 58.00 | 65.00 | NOTE | |
r-patched-linux-x86_64 | 1.0.2 | 5.96 | 36.54 | 42.50 | NOTE | |
r-release-linux-x86_64 | 1.0.2 | 5.09 | 35.30 | 40.39 | NOTE | |
r-release-macos-arm64 | 1.0.2 | 22.00 | NOTE | |||
r-release-macos-x86_64 | 1.0.2 | 29.00 | NOTE | |||
r-release-windows-x86_64 | 1.0.2 | 9.00 | 62.00 | 71.00 | NOTE | |
r-oldrel-macos-arm64 | 1.0.2 | 23.00 | NOTE | |||
r-oldrel-macos-x86_64 | 1.0.2 | 26.00 | NOTE | |||
r-oldrel-windows-x86_64 | 1.0.2 | 25.00 | 62.00 | 87.00 | OK |
Version: 1.0.2
Check: package dependencies
Result: NOTE
Package which this enhances but not available for checking: ‘RGtk2’
Flavors: r-devel-linux-x86_64-debian-clang, r-devel-linux-x86_64-debian-gcc, r-devel-linux-x86_64-fedora-clang, r-devel-linux-x86_64-fedora-gcc, r-devel-windows-x86_64, r-patched-linux-x86_64, r-release-linux-x86_64, r-release-macos-arm64, r-release-macos-x86_64, r-release-windows-x86_64, r-oldrel-macos-arm64, r-oldrel-macos-x86_64