Last updated on 2023-06-10 00:54:42 CEST.
Flavor | Version | Tinstall | Tcheck | Ttotal | Status | Flags |
---|---|---|---|---|---|---|
r-devel-linux-x86_64-debian-clang | 1.0-11 | 191.61 | 369.14 | 560.75 | NOTE | |
r-devel-linux-x86_64-debian-gcc | 1.0-11 | 139.92 | 271.13 | 411.05 | NOTE | |
r-devel-linux-x86_64-fedora-clang | 1.0-11 | 720.93 | NOTE | |||
r-devel-linux-x86_64-fedora-gcc | 1.0-11 | 715.61 | NOTE | |||
r-devel-windows-x86_64 | 1.0-11 | 139.00 | 341.00 | 480.00 | NOTE | |
r-patched-linux-x86_64 | 1.0-11 | 165.98 | 341.32 | 507.30 | NOTE | |
r-release-linux-x86_64 | 1.0-11 | 161.58 | 347.32 | 508.90 | NOTE | |
r-release-macos-arm64 | 1.0-11 | 183.00 | NOTE | |||
r-release-macos-x86_64 | 1.0-11 | 328.00 | NOTE | |||
r-release-windows-x86_64 | 1.0-11 | 185.00 | 443.00 | 628.00 | NOTE | |
r-oldrel-macos-arm64 | 1.0-11 | 164.00 | NOTE | |||
r-oldrel-macos-x86_64 | 1.0-11 | 209.00 | NOTE | |||
r-oldrel-windows-x86_64 | 1.0-11 | 180.00 | 364.00 | 544.00 | NOTE |
Version: 1.0-11
Check: package dependencies
Result: NOTE
Packages which this enhances but not available for checking:
'gurobi', 'rcbc'
Flavors: r-devel-linux-x86_64-debian-clang, r-devel-linux-x86_64-debian-gcc, r-patched-linux-x86_64, r-release-linux-x86_64
Version: 1.0-11
Check: package dependencies
Result: NOTE
Packages which this enhances but not available for checking:
'Rcplex', 'gurobi', 'rcbc'
Flavors: r-devel-linux-x86_64-fedora-clang, r-devel-linux-x86_64-fedora-gcc, r-devel-windows-x86_64, r-release-macos-arm64, r-release-macos-x86_64, r-release-windows-x86_64, r-oldrel-macos-arm64, r-oldrel-macos-x86_64, r-oldrel-windows-x86_64
Version: 1.0-11
Check: installed package size
Result: NOTE
installed size is 5.8Mb
sub-directories of 1Mb or more:
R 2.7Mb
doc 1.2Mb
help 1.0Mb
Flavors: r-devel-linux-x86_64-fedora-clang, r-devel-windows-x86_64, r-release-macos-arm64, r-release-macos-x86_64, r-release-windows-x86_64, r-oldrel-macos-arm64, r-oldrel-macos-x86_64, r-oldrel-windows-x86_64