CRAN Package Check Results for Package CalibrationCurves

Last updated on 2025-01-21 00:48:24 CET.

Flavor Version Tinstall Tcheck Ttotal Status Flags
r-devel-linux-x86_64-debian-clang 2.0.3 14.62 134.90 149.52 OK
r-devel-linux-x86_64-debian-gcc 2.0.4 10.33 97.71 108.04 OK
r-devel-linux-x86_64-fedora-clang 2.0.4 241.53 OK
r-devel-linux-x86_64-fedora-gcc 2.0.3 221.11 ERROR
r-devel-windows-x86_64 2.0.4 14.00 122.00 136.00 OK
r-patched-linux-x86_64 2.0.3 14.50 108.95 123.45 ERROR
r-release-linux-x86_64 2.0.3 11.96 107.94 119.90 ERROR
r-release-macos-arm64 2.0.3 76.00 OK
r-release-macos-x86_64 2.0.3 193.00 OK
r-release-windows-x86_64 2.0.3 14.00 126.00 140.00 OK
r-oldrel-macos-arm64 2.0.3 85.00 OK
r-oldrel-macos-x86_64 2.0.3 134.00 OK
r-oldrel-windows-x86_64 2.0.3 20.00 153.00 173.00 OK

Check Details

Version: 2.0.3
Check: re-building of vignette outputs
Result: ERROR Error(s) in re-building vignettes: --- re-building ‘CalibrationCurves.Rmd’ using rmarkdown ** Processing: /data/gannet/ripley/R/packages/tests-devel/CalibrationCurves.Rcheck/vign_test/CalibrationCurves/vignettes/CalibrationCurves_files/figure-html/unnamed-chunk-6-1.png 1344x960 pixels, 3x8 bits/pixel, RGB Input IDAT size = 90620 bytes Input file size = 90830 bytes Trying: zc = 9 zm = 8 zs = 0 f = 0 IDAT size = 72129 zc = 9 zm = 8 zs = 1 f = 0 zc = 1 zm = 8 zs = 2 f = 0 zc = 9 zm = 8 zs = 3 f = 0 zc = 9 zm = 8 zs = 0 f = 5 zc = 9 zm = 8 zs = 1 f = 5 zc = 1 zm = 8 zs = 2 f = 5 zc = 9 zm = 8 zs = 3 f = 5 Selecting parameters: zc = 9 zm = 8 zs = 0 f = 0 IDAT size = 72129 Output IDAT size = 72129 bytes (18491 bytes decrease) Output file size = 72207 bytes (18623 bytes = 20.50% decrease) ** Processing: /data/gannet/ripley/R/packages/tests-devel/CalibrationCurves.Rcheck/vign_test/CalibrationCurves/vignettes/CalibrationCurves_files/figure-html/unnamed-chunk-9-1.png 1344x960 pixels, 8 bits/pixel, 256 colors in palette Reducing image to 8 bits/pixel, grayscale Input IDAT size = 24253 bytes Input file size = 25135 bytes Trying: zc = 9 zm = 8 zs = 0 f = 0 IDAT size = 20464 zc = 9 zm = 8 zs = 1 f = 0 zc = 1 zm = 8 zs = 2 f = 0 zc = 9 zm = 8 zs = 3 f = 0 zc = 9 zm = 8 zs = 0 f = 5 zc = 9 zm = 8 zs = 1 f = 5 zc = 1 zm = 8 zs = 2 f = 5 zc = 9 zm = 8 zs = 3 f = 5 Selecting parameters: zc = 9 zm = 8 zs = 0 f = 0 IDAT size = 20464 Output IDAT size = 20464 bytes (3789 bytes decrease) Output file size = 20542 bytes (4593 bytes = 18.27% decrease) Quitting from lines 206-207 [unnamed-chunk-10] (CalibrationCurves.Rmd) Error: processing vignette 'CalibrationCurves.Rmd' failed with diagnostics: Nk = 3 led to estimation problems. --- failed re-building ‘CalibrationCurves.Rmd’ SUMMARY: processing the following file failed: ‘CalibrationCurves.Rmd’ Error: Vignette re-building failed. Execution halted Flavor: r-devel-linux-x86_64-fedora-gcc

Version: 2.0.3
Check: re-building of vignette outputs
Result: ERROR Error(s) in re-building vignettes: ... --- re-building ‘CalibrationCurves.Rmd’ using rmarkdown ** Processing: /home/hornik/tmp/R.check/r-patched-gcc/Work/PKGS/CalibrationCurves.Rcheck/vign_test/CalibrationCurves/vignettes/CalibrationCurves_files/figure-html/unnamed-chunk-6-1.png 1344x960 pixels, 3x8 bits/pixel, RGB Input IDAT size = 90633 bytes Input file size = 90843 bytes Trying: zc = 9 zm = 8 zs = 0 f = 0 IDAT size = 72130 zc = 9 zm = 8 zs = 1 f = 0 zc = 1 zm = 8 zs = 2 f = 0 zc = 9 zm = 8 zs = 3 f = 0 zc = 9 zm = 8 zs = 0 f = 5 zc = 9 zm = 8 zs = 1 f = 5 zc = 1 zm = 8 zs = 2 f = 5 zc = 9 zm = 8 zs = 3 f = 5 Selecting parameters: zc = 9 zm = 8 zs = 0 f = 0 IDAT size = 72130 Output IDAT size = 72130 bytes (18503 bytes decrease) Output file size = 72208 bytes (18635 bytes = 20.51% decrease) ** Processing: /home/hornik/tmp/R.check/r-patched-gcc/Work/PKGS/CalibrationCurves.Rcheck/vign_test/CalibrationCurves/vignettes/CalibrationCurves_files/figure-html/unnamed-chunk-9-1.png 1344x960 pixels, 8 bits/pixel, 256 colors in palette Reducing image to 8 bits/pixel, grayscale Input IDAT size = 24256 bytes Input file size = 25138 bytes Trying: zc = 9 zm = 8 zs = 0 f = 0 IDAT size = 20465 zc = 9 zm = 8 zs = 1 f = 0 zc = 1 zm = 8 zs = 2 f = 0 zc = 9 zm = 8 zs = 3 f = 0 zc = 9 zm = 8 zs = 0 f = 5 zc = 9 zm = 8 zs = 1 f = 5 zc = 1 zm = 8 zs = 2 f = 5 zc = 9 zm = 8 zs = 3 f = 5 Selecting parameters: zc = 9 zm = 8 zs = 0 f = 0 IDAT size = 20465 Output IDAT size = 20465 bytes (3791 bytes decrease) Output file size = 20543 bytes (4595 bytes = 18.28% decrease) Quitting from lines 206-207 [unnamed-chunk-10] (CalibrationCurves.Rmd) Error: processing vignette 'CalibrationCurves.Rmd' failed with diagnostics: Nk = 3 led to estimation problems. --- failed re-building ‘CalibrationCurves.Rmd’ SUMMARY: processing the following file failed: ‘CalibrationCurves.Rmd’ Error: Vignette re-building failed. Execution halted Flavor: r-patched-linux-x86_64

Version: 2.0.3
Check: re-building of vignette outputs
Result: ERROR Error(s) in re-building vignettes: ... --- re-building ‘CalibrationCurves.Rmd’ using rmarkdown ** Processing: /home/hornik/tmp/R.check/r-release-gcc/Work/PKGS/CalibrationCurves.Rcheck/vign_test/CalibrationCurves/vignettes/CalibrationCurves_files/figure-html/unnamed-chunk-6-1.png 1344x960 pixels, 3x8 bits/pixel, RGB Input IDAT size = 90633 bytes Input file size = 90843 bytes Trying: zc = 9 zm = 8 zs = 0 f = 0 IDAT size = 72130 zc = 9 zm = 8 zs = 1 f = 0 zc = 1 zm = 8 zs = 2 f = 0 zc = 9 zm = 8 zs = 3 f = 0 zc = 9 zm = 8 zs = 0 f = 5 zc = 9 zm = 8 zs = 1 f = 5 zc = 1 zm = 8 zs = 2 f = 5 zc = 9 zm = 8 zs = 3 f = 5 Selecting parameters: zc = 9 zm = 8 zs = 0 f = 0 IDAT size = 72130 Output IDAT size = 72130 bytes (18503 bytes decrease) Output file size = 72208 bytes (18635 bytes = 20.51% decrease) ** Processing: /home/hornik/tmp/R.check/r-release-gcc/Work/PKGS/CalibrationCurves.Rcheck/vign_test/CalibrationCurves/vignettes/CalibrationCurves_files/figure-html/unnamed-chunk-9-1.png 1344x960 pixels, 8 bits/pixel, 256 colors in palette Reducing image to 8 bits/pixel, grayscale Input IDAT size = 24256 bytes Input file size = 25138 bytes Trying: zc = 9 zm = 8 zs = 0 f = 0 IDAT size = 20465 zc = 9 zm = 8 zs = 1 f = 0 zc = 1 zm = 8 zs = 2 f = 0 zc = 9 zm = 8 zs = 3 f = 0 zc = 9 zm = 8 zs = 0 f = 5 zc = 9 zm = 8 zs = 1 f = 5 zc = 1 zm = 8 zs = 2 f = 5 zc = 9 zm = 8 zs = 3 f = 5 Selecting parameters: zc = 9 zm = 8 zs = 0 f = 0 IDAT size = 20465 Output IDAT size = 20465 bytes (3791 bytes decrease) Output file size = 20543 bytes (4595 bytes = 18.28% decrease) Quitting from lines 206-207 [unnamed-chunk-10] (CalibrationCurves.Rmd) Error: processing vignette 'CalibrationCurves.Rmd' failed with diagnostics: Nk = 3 led to estimation problems. --- failed re-building ‘CalibrationCurves.Rmd’ SUMMARY: processing the following file failed: ‘CalibrationCurves.Rmd’ Error: Vignette re-building failed. Execution halted Flavor: r-release-linux-x86_64