Last updated on 2023-12-09 00:52:34 CET.
Flavor | Version | Tinstall | Tcheck | Ttotal | Status | Flags |
---|---|---|---|---|---|---|
r-devel-linux-x86_64-debian-clang | 0.2.4 | 21.75 | 315.84 | 337.59 | OK | |
r-devel-linux-x86_64-debian-gcc | 0.2.4 | 17.57 | 230.85 | 248.42 | OK | |
r-devel-linux-x86_64-fedora-clang | 0.2.5 | 330.62 | OK | |||
r-devel-linux-x86_64-fedora-gcc | 0.2.5 | 441.59 | OK | |||
r-devel-windows-x86_64 | 0.2.4 | 18.00 | 244.00 | 262.00 | OK | |
r-patched-linux-x86_64 | 0.2.4 | 21.26 | 323.03 | 344.29 | OK | |
r-release-linux-x86_64 | 0.2.4 | 22.37 | 302.56 | 324.93 | OK | |
r-release-macos-arm64 | 0.2.5 | 147.00 | NOTE | |||
r-release-macos-x86_64 | 0.2.5 | 352.00 | NOTE | |||
r-release-windows-x86_64 | 0.2.4 | 23.00 | 320.00 | 343.00 | OK | |
r-oldrel-macos-arm64 | 0.2.5 | 9.00 | ERROR | |||
r-oldrel-macos-x86_64 | 0.2.3 | 184.00 | OK | |||
r-oldrel-windows-x86_64 | 0.2.4 | 25.00 | 321.00 | 346.00 | OK |
Version: 0.2.5
Check: package dependencies
Result: NOTE
Package suggested but not available for checking: ‘batchelor’
Flavors: r-release-macos-arm64, r-release-macos-x86_64
Version: 0.2.5
Check: package dependencies
Result: ERROR
Package required but not available: ‘bluster’
Package suggested but not available for checking: ‘scran’
See section ‘The DESCRIPTION file’ in the ‘Writing R Extensions’
manual.
Flavor: r-oldrel-macos-arm64