CRAN Package Check Results for Package CaseBasedReasoning

Last updated on 2024-06-13 00:55:08 CEST.

Flavor Version Tinstall Tcheck Ttotal Status Flags
r-devel-linux-x86_64-debian-clang 0.3 109.92 142.25 252.17 NOTE
r-devel-linux-x86_64-debian-gcc 0.3 0.38 1.91 2.29 ERROR
r-devel-linux-x86_64-fedora-clang 0.3 351.50 NOTE
r-devel-linux-x86_64-fedora-gcc 0.3 333.50 NOTE
r-devel-windows-x86_64 0.3 83.00 137.00 220.00 NOTE
r-patched-linux-x86_64 0.3 90.28 133.53 223.81 NOTE
r-release-linux-x86_64 0.3 63.11 132.99 196.10 NOTE
r-release-macos-arm64 0.3 85.00 NOTE
r-release-macos-x86_64 0.3 117.00 NOTE
r-release-windows-x86_64 0.3 81.00 161.00 242.00 NOTE
r-oldrel-macos-arm64 0.3 98.00 NOTE
r-oldrel-macos-x86_64 0.3 173.00 NOTE
r-oldrel-windows-x86_64 0.3 104.00 167.00 271.00 NOTE

Check Details

Version: 0.3
Check: for GNU extensions in Makefiles
Result: NOTE GNU make is a SystemRequirements. Flavors: r-devel-linux-x86_64-debian-clang, r-devel-linux-x86_64-fedora-clang, r-devel-linux-x86_64-fedora-gcc, r-devel-windows-x86_64, r-patched-linux-x86_64, r-release-linux-x86_64, r-release-macos-arm64, r-release-macos-x86_64, r-release-windows-x86_64, r-oldrel-macos-arm64, r-oldrel-macos-x86_64, r-oldrel-windows-x86_64

Version: 0.3
Check: package dependencies
Result: ERROR Packages required but not available: 'rms', 'ggplot2', 'cowplot', 'dplyr', 'purrr', 'tidyr', 'pryr' Package suggested but not available for checking: ‘testthat’ See section ‘The DESCRIPTION file’ in the ‘Writing R Extensions’ manual. Flavor: r-devel-linux-x86_64-debian-gcc