Last updated on 2023-09-29 00:56:44 CEST.
Flavor | Version | Tinstall | Tcheck | Ttotal | Status | Flags |
---|---|---|---|---|---|---|
r-devel-linux-x86_64-debian-clang | 0.2.3 | 2.80 | 60.50 | 63.30 | OK | |
r-devel-linux-x86_64-debian-gcc | 0.2.3 | 3.21 | 45.43 | 48.64 | OK | |
r-devel-linux-x86_64-fedora-clang | 0.2.3 | 78.11 | NOTE | |||
r-devel-linux-x86_64-fedora-gcc | 0.2.3 | 91.00 | NOTE | |||
r-devel-windows-x86_64 | 0.2.3 | 5.00 | 69.00 | 74.00 | OK | |
r-patched-linux-x86_64 | 0.2.3 | 5.58 | 57.74 | 63.32 | OK | |
r-release-linux-x86_64 | 0.2.3 | 3.74 | 58.44 | 62.18 | OK | |
r-release-macos-arm64 | 0.2.3 | 32.00 | OK | |||
r-release-macos-x86_64 | 0.2.3 | 51.00 | OK | |||
r-release-windows-x86_64 | 0.2.3 | 7.00 | 75.00 | 82.00 | OK | |
r-oldrel-macos-arm64 | 0.2.3 | 29.00 | OK | |||
r-oldrel-macos-x86_64 | 0.2.3 | 36.00 | OK | |||
r-oldrel-windows-x86_64 | 0.2.3 | 6.00 | 73.00 | 79.00 | OK |
Version: 0.2.3
Check: data for non-ASCII characters
Result: NOTE
Note: found 3 marked UTF-8 strings
Flavors: r-devel-linux-x86_64-fedora-clang, r-devel-linux-x86_64-fedora-gcc