CRAN Package Check Results for Package CensMFM

Last updated on 2021-10-20 00:49:34 CEST.

Flavor Version Tinstall Tcheck Ttotal Status Flags
r-devel-linux-x86_64-debian-clang 2.11 9.61 67.77 77.38 NOTE
r-devel-linux-x86_64-debian-gcc 2.11 7.98 48.94 56.92 NOTE
r-devel-linux-x86_64-fedora-clang 2.11 100.00 NOTE
r-devel-linux-x86_64-fedora-gcc 2.11 87.20 NOTE
r-devel-windows-x86_64 2.11 16.00 84.00 100.00 NOTE
r-devel-windows-x86_64-gcc10-UCRT 2.11 NOTE
r-patched-linux-x86_64 2.11 8.59 61.98 70.57 NOTE
r-patched-solaris-x86 2.11 122.60 NOTE
r-release-linux-x86_64 2.11 9.56 63.02 72.58 NOTE
r-release-macos-arm64 2.11 NOTE
r-release-macos-x86_64 2.11 NOTE
r-release-windows-ix86+x86_64 2.11 16.00 84.00 100.00 NOTE
r-oldrel-macos-x86_64 2.11 OK
r-oldrel-windows-ix86+x86_64 2.11 20.00 83.00 103.00 OK

Check Details

Version: 2.11
Check: LazyData
Result: NOTE
     'LazyData' is specified without a 'data' directory
Flavors: r-devel-linux-x86_64-debian-clang, r-devel-linux-x86_64-debian-gcc, r-devel-linux-x86_64-fedora-clang, r-devel-linux-x86_64-fedora-gcc, r-devel-windows-x86_64, r-devel-windows-x86_64-gcc10-UCRT, r-patched-linux-x86_64, r-patched-solaris-x86, r-release-linux-x86_64, r-release-macos-arm64, r-release-macos-x86_64, r-release-windows-ix86+x86_64