CRAN Package Check Results for Package ChemoSpec

Last updated on 2021-09-20 00:48:37 CEST.

Flavor Version Tinstall Tcheck Ttotal Status Flags
r-devel-linux-x86_64-debian-clang 5.3.21 6.39 108.07 114.46 OK
r-devel-linux-x86_64-debian-gcc 5.3.21 5.22 81.77 86.99 OK
r-devel-linux-x86_64-fedora-clang 5.3.21 141.92 OK
r-devel-linux-x86_64-fedora-gcc 5.3.21 137.03 OK
r-devel-windows-x86_64 5.3.21 8.00 133.00 141.00 OK
r-devel-windows-x86_64-gcc10-UCRT 5.3.21 ERROR
r-patched-linux-x86_64 5.3.21 10.74 103.66 114.40 OK
r-patched-solaris-x86 5.3.21 138.50 OK
r-release-linux-x86_64 5.3.21 6.72 103.33 110.05 OK
r-release-macos-arm64 5.3.21 OK
r-release-macos-x86_64 5.3.21 OK
r-release-windows-ix86+x86_64 5.3.21 14.00 164.00 178.00 OK
r-oldrel-macos-x86_64 5.3.21 OK
r-oldrel-windows-ix86+x86_64 5.3.21 13.00 160.00 173.00 OK

Check Details

Version: 5.3.21
Check: whether package can be installed
Result: WARN
    Found the following significant warnings:
     WARNING: installation-time patches will not be applied, could not get the patches index
Flavor: r-devel-windows-x86_64-gcc10-UCRT

Version: 5.3.21
Check: PDF version of manual
Result: WARN
    LaTeX errors when creating PDF version.
    This typically indicates Rd problems.
Flavor: r-devel-windows-x86_64-gcc10-UCRT

Version: 5.3.21
Check: PDF version of manual without hyperrefs or index
Result: ERROR
    Re-running with no redirection of stdout/stderr.
Flavor: r-devel-windows-x86_64-gcc10-UCRT