CRAN Package Check Results for Package CircSpaceTime

Last updated on 2024-02-29 00:55:36 CET.

Flavor Version Tinstall Tcheck Ttotal Status Flags
r-devel-linux-x86_64-debian-clang 0.9.0 173.19 51.24 224.43 NOTE
r-devel-linux-x86_64-debian-gcc 0.9.0 136.15 38.50 174.65 NOTE
r-devel-linux-x86_64-fedora-clang 0.9.0 356.88 NOTE
r-devel-linux-x86_64-fedora-gcc 0.9.0 330.89 NOTE
r-devel-windows-x86_64 0.9.0 130.00 87.00 217.00 NOTE
r-patched-linux-x86_64 0.9.0 168.43 50.25 218.68 NOTE
r-release-linux-x86_64 0.9.0 171.19 49.50 220.69 NOTE
r-release-macos-arm64 0.9.0 81.00 NOTE
r-release-macos-x86_64 0.9.0 129.00 NOTE
r-release-windows-x86_64 0.9.0 164.00 103.00 267.00 NOTE
r-oldrel-macos-arm64 0.9.0 69.00 NOTE
r-oldrel-windows-x86_64 0.9.0 163.00 97.00 260.00 OK

Check Details

Version: 0.9.0
Check: C++ specification
Result: NOTE Specified C++11: please drop specification unless essential Flavors: r-devel-linux-x86_64-debian-clang, r-devel-linux-x86_64-debian-gcc, r-devel-linux-x86_64-fedora-clang, r-devel-linux-x86_64-fedora-gcc, r-devel-windows-x86_64, r-patched-linux-x86_64, r-release-linux-x86_64, r-release-macos-arm64, r-release-macos-x86_64, r-release-windows-x86_64

Version: 0.9.0
Check: dependencies in R code
Result: NOTE Namespaces in Imports field not imported from: ‘RInside’ ‘circular’ All declared Imports should be used. Flavors: r-devel-linux-x86_64-fedora-clang, r-devel-linux-x86_64-fedora-gcc, r-oldrel-macos-arm64

Version: 0.9.0
Check: installed package size
Result: NOTE installed size is 7.3Mb sub-directories of 1Mb or more: data 1.8Mb libs 5.0Mb Flavors: r-release-macos-arm64, r-release-macos-x86_64, r-oldrel-macos-arm64