CRAN Package Check Results for Package CleanBSequences

Last updated on 2024-07-19 00:53:15 CEST.

Flavor Version Tinstall Tcheck Ttotal Status Flags
r-devel-linux-x86_64-debian-clang 2.3.0 15.11 138.78 153.89 OK
r-devel-linux-x86_64-debian-gcc 2.3.0 13.45 104.23 117.68 OK
r-devel-linux-x86_64-fedora-clang 2.3.0 196.89 OK
r-devel-linux-x86_64-fedora-gcc 2.3.0 181.23 OK
r-devel-windows-x86_64 2.3.0 13.00 112.00 125.00 OK
r-patched-linux-x86_64 2.3.0 13.66 134.43 148.09 OK
r-release-linux-x86_64 2.3.0 10.74 134.34 145.08 OK
r-release-macos-arm64 2.3.0 55.00 OK
r-release-macos-x86_64 2.3.0 7.00 ERROR
r-release-windows-x86_64 2.3.0 15.00 126.00 141.00 OK
r-oldrel-macos-arm64 2.3.0 10.00 ERROR
r-oldrel-macos-x86_64 2.3.0 12.00 ERROR
r-oldrel-windows-x86_64 2.3.0 1.00 13.00 14.00 ERROR

Check Details

Version: 2.3.0
Check: package dependencies
Result: ERROR Package required but not available: ‘pwalign’ See section ‘The DESCRIPTION file’ in the ‘Writing R Extensions’ manual. Flavors: r-release-macos-x86_64, r-oldrel-macos-arm64, r-oldrel-macos-x86_64, r-oldrel-windows-x86_64