CRAN Package Check Results for Package ClustOfVar

Last updated on 2025-01-21 00:48:24 CET.

Flavor Version Tinstall Tcheck Ttotal Status Flags
r-devel-linux-x86_64-debian-clang 1.1 2.56 39.29 41.85 NOTE
r-devel-linux-x86_64-debian-gcc 1.1 2.33 26.43 28.76 NOTE
r-devel-linux-x86_64-fedora-clang 1.1 70.20 OK
r-devel-linux-x86_64-fedora-gcc 1.1 62.12 OK
r-devel-windows-x86_64 1.1 5.00 59.00 64.00 NOTE
r-patched-linux-x86_64 1.1 5.80 35.40 41.20 OK
r-release-linux-x86_64 1.1 3.10 35.32 38.42 OK
r-release-macos-arm64 1.1 21.00 OK
r-release-macos-x86_64 1.1 33.00 OK
r-release-windows-x86_64 1.1 4.00 62.00 66.00 OK
r-oldrel-macos-arm64 1.1 23.00 OK
r-oldrel-macos-x86_64 1.1 35.00 OK
r-oldrel-windows-x86_64 1.1 4.00 62.00 66.00 OK

Check Details

Version: 1.1
Check: Rd cross-references
Result: NOTE Found the following Rd file(s) with Rd \link{} targets missing package anchors: kmeansvar.Rd: splitmix Please provide package anchors for all Rd \link{} targets not in the package itself and the base packages. Flavors: r-devel-linux-x86_64-debian-clang, r-devel-linux-x86_64-debian-gcc, r-devel-windows-x86_64