Last updated on 2023-03-26 00:51:39 CET.
Flavor | Version | Tinstall | Tcheck | Ttotal | Status | Flags |
---|---|---|---|---|---|---|
r-devel-linux-x86_64-debian-clang | 1.3.0 | 76.03 | 212.26 | 288.29 | NOTE | |
r-devel-linux-x86_64-debian-gcc | 1.3.0 | 64.41 | 150.00 | 214.41 | NOTE | |
r-devel-linux-x86_64-fedora-gcc | 1.3.0 | 378.14 | NOTE | |||
r-devel-windows-x86_64 | 1.3.0 | 97.00 | 265.00 | 362.00 | NOTE | |
r-patched-linux-x86_64 | 1.3.0 | 66.22 | 195.47 | 261.69 | OK | |
r-release-linux-x86_64 | 1.3.0 | 66.96 | 203.53 | 270.49 | OK | |
r-release-macos-arm64 | 1.3.0 | 95.00 | NOTE | |||
r-release-macos-x86_64 | 1.3.0 | 139.00 | NOTE | |||
r-release-windows-x86_64 | 1.3.0 | 84.00 | 285.00 | 369.00 | OK | |
r-oldrel-macos-arm64 | 1.3.0 | 83.00 | NOTE | |||
r-oldrel-macos-x86_64 | 1.3.0 | 143.00 | NOTE | |||
r-oldrel-windows-ix86+x86_64 | 1.3.0 | 163.00 | 307.00 | 470.00 | OK |
Version: 1.3.0
Check: C++ specification
Result: NOTE
Specified C++11: please drop specification unless essential
Flavors: r-devel-linux-x86_64-debian-clang, r-devel-linux-x86_64-debian-gcc, r-devel-linux-x86_64-fedora-gcc, r-devel-windows-x86_64
Version: 1.3.0
Check: installed package size
Result: NOTE
installed size is 9.1Mb
sub-directories of 1Mb or more:
libs 7.8Mb
Flavors: r-release-macos-arm64, r-release-macos-x86_64, r-oldrel-macos-arm64, r-oldrel-macos-x86_64