CRAN Package Check Results for Package ClusterStability

Last updated on 2023-09-24 23:59:45 CEST.

Flavor Version Tinstall Tcheck Ttotal Status Flags
r-devel-linux-x86_64-debian-clang 1.0.4 31.89 96.40 128.29 OK
r-devel-linux-x86_64-debian-gcc 1.0.4 22.77 74.68 97.45 OK
r-devel-linux-x86_64-fedora-clang 1.0.4 163.86 NOTE
r-devel-linux-x86_64-fedora-gcc 1.0.4 180.54 NOTE
r-devel-windows-x86_64 1.0.4 27.00 110.00 137.00 OK
r-patched-linux-x86_64 1.0.4 32.41 95.25 127.66 OK
r-release-linux-x86_64 1.0.4 27.02 95.63 122.65 OK
r-release-macos-arm64 1.0.4 52.00 OK
r-release-macos-x86_64 1.0.4 89.00 OK
r-release-windows-x86_64 1.0.4 34.00 131.00 165.00 OK
r-oldrel-macos-arm64 1.0.4 43.00 OK
r-oldrel-macos-x86_64 1.0.4 62.00 OK
r-oldrel-windows-x86_64 1.0.4 31.00 125.00 156.00 OK

Check Details

Version: 1.0.4
Check: compiled code
Result: NOTE
    File ‘ClusterStability/libs/ClusterStability.so’:
     Found no calls to: ‘R_registerRoutines’, ‘R_useDynamicSymbols’
    
    It is good practice to register native routines and to disable symbol
    search.
    
    See ‘Writing portable packages’ in the ‘Writing R Extensions’ manual.
Flavors: r-devel-linux-x86_64-fedora-clang, r-devel-linux-x86_64-fedora-gcc