CRAN Package Check Results for Package CoOL

Last updated on 2024-06-22 00:57:55 CEST.

Flavor Version Tinstall Tcheck Ttotal Status Flags
r-devel-linux-x86_64-debian-clang 1.1.2 37.31 58.54 95.85 NOTE
r-devel-linux-x86_64-debian-gcc 1.1.2 25.61 44.36 69.97 NOTE
r-devel-linux-x86_64-fedora-clang 1.1.2 140.74 NOTE
r-devel-linux-x86_64-fedora-gcc 1.1.2 132.36 NOTE
r-devel-windows-x86_64 1.1.2 35.00 91.00 126.00 NOTE
r-patched-linux-x86_64 1.1.2 36.64 58.16 94.80 NOTE
r-release-linux-x86_64 1.1.2 34.64 56.46 91.10 NOTE
r-release-macos-arm64 1.1.2 36.00 NOTE
r-release-macos-x86_64 1.1.2 53.00 NOTE
r-release-windows-x86_64 1.1.2 34.00 127.00 161.00 NOTE
r-oldrel-macos-arm64 1.1.2 39.00 NOTE
r-oldrel-macos-x86_64 1.1.2 62.00 NOTE
r-oldrel-windows-x86_64 1.1.2 41.00 104.00 145.00 NOTE

Check Details

Version: 1.1.2
Check: C++ specification
Result: NOTE Specified C++11: please drop specification unless essential Flavors: r-devel-linux-x86_64-debian-clang, r-devel-linux-x86_64-debian-gcc, r-devel-linux-x86_64-fedora-clang, r-devel-linux-x86_64-fedora-gcc, r-devel-windows-x86_64, r-patched-linux-x86_64, r-release-linux-x86_64, r-release-macos-arm64, r-release-macos-x86_64, r-release-windows-x86_64, r-oldrel-macos-arm64, r-oldrel-macos-x86_64, r-oldrel-windows-x86_64