CRAN Package Check Results for Package ConNEcT

Last updated on 2024-06-14 00:53:38 CEST.

Flavor Version Tinstall Tcheck Ttotal Status Flags
r-devel-linux-x86_64-debian-clang 0.7.27 15.45 130.46 145.91 OK
r-devel-linux-x86_64-debian-gcc 0.7.27 0.33 1.76 2.09 ERROR
r-devel-linux-x86_64-fedora-clang 0.7.27 184.19 OK
r-devel-linux-x86_64-fedora-gcc 0.7.27 176.05 OK
r-devel-windows-x86_64 0.7.27 13.00 123.00 136.00 OK
r-patched-linux-x86_64 0.7.27 9.37 129.51 138.88 OK
r-release-linux-x86_64 0.7.27 8.76 126.31 135.07 OK
r-release-macos-arm64 0.7.27 60.00 OK
r-release-macos-x86_64 0.7.27 90.00 OK
r-release-windows-x86_64 0.7.27 12.00 133.00 145.00 OK
r-oldrel-macos-arm64 0.7.27 57.00 OK
r-oldrel-macos-x86_64 0.7.27 93.00 OK
r-oldrel-windows-x86_64 0.7.27 17.00 144.00 161.00 OK

Check Details

Version: 0.7.27
Check: package dependencies
Result: ERROR Package required but not available: ‘qgraph’ Package suggested but not available for checking: ‘testthat’ See section ‘The DESCRIPTION file’ in the ‘Writing R Extensions’ manual. Flavor: r-devel-linux-x86_64-debian-gcc