CRAN Package Check Results for Package CondReg

Last updated on 2021-10-17 00:48:33 CEST.

Flavor Version Tinstall Tcheck Ttotal Status Flags
r-devel-linux-x86_64-debian-clang 0.20 2.27 24.22 26.49 NOTE
r-devel-linux-x86_64-debian-gcc 0.20 1.75 17.85 19.60 NOTE
r-devel-linux-x86_64-fedora-clang 0.20 40.97 NOTE
r-devel-linux-x86_64-fedora-gcc 0.20 29.59 NOTE
r-devel-windows-x86_64 0.20 3.00 26.00 29.00 NOTE
r-devel-windows-x86_64-gcc10-UCRT 0.20 NOTE
r-patched-linux-x86_64 0.20 2.18 22.11 24.29 NOTE
r-patched-solaris-x86 0.20 47.70 NOTE
r-release-linux-x86_64 0.20 2.02 21.69 23.71 NOTE
r-release-macos-arm64 0.20 NOTE
r-release-macos-x86_64 0.20 NOTE
r-release-windows-ix86+x86_64 0.20 5.00 36.00 41.00 NOTE
r-oldrel-macos-x86_64 0.20 NOTE
r-oldrel-windows-ix86+x86_64 0.20 4.00 34.00 38.00 NOTE

Check Details

Version: 0.20
Check: DESCRIPTION meta-information
Result: NOTE
    Malformed Description field: should contain one or more complete sentences.
Flavors: r-devel-linux-x86_64-debian-clang, r-devel-linux-x86_64-debian-gcc, r-devel-linux-x86_64-fedora-clang, r-devel-linux-x86_64-fedora-gcc, r-devel-windows-x86_64, r-devel-windows-x86_64-gcc10-UCRT, r-patched-linux-x86_64, r-patched-solaris-x86, r-release-linux-x86_64, r-release-macos-arm64, r-release-macos-x86_64, r-release-windows-ix86+x86_64, r-oldrel-macos-x86_64, r-oldrel-windows-ix86+x86_64

Version: 0.20
Check: R code for possible problems
Result: NOTE
    ml_solver: no visible global function definition for 'approx'
    select_kmax: no visible global function definition for 'median'
    Undefined global functions or variables:
     approx median
    Consider adding
     importFrom("stats", "approx", "median")
    to your NAMESPACE file.
Flavors: r-devel-linux-x86_64-debian-clang, r-devel-linux-x86_64-debian-gcc, r-devel-linux-x86_64-fedora-clang, r-devel-linux-x86_64-fedora-gcc, r-devel-windows-x86_64, r-devel-windows-x86_64-gcc10-UCRT, r-patched-linux-x86_64, r-patched-solaris-x86, r-release-linux-x86_64, r-release-macos-arm64, r-release-macos-x86_64, r-release-windows-ix86+x86_64, r-oldrel-macos-x86_64, r-oldrel-windows-ix86+x86_64