CRAN Package Check Results for Package CondiS

Last updated on 2025-01-20 00:48:17 CET.

Flavor Version Tinstall Tcheck Ttotal Status Flags
r-devel-linux-x86_64-debian-clang 0.1.2 14.19 130.22 144.41 OK
r-devel-linux-x86_64-debian-gcc 0.1.2 10.44 95.10 105.54 OK
r-devel-linux-x86_64-fedora-clang 0.1.2 245.16 NOTE
r-devel-linux-x86_64-fedora-gcc 0.1.2 233.98 NOTE
r-devel-windows-x86_64 0.1.2 15.00 136.00 151.00 OK
r-patched-linux-x86_64 0.1.2 12.79 124.59 137.38 OK
r-release-linux-x86_64 0.1.2 12.36 124.45 136.81 OK
r-release-macos-arm64 0.1.2 69.00 OK
r-release-macos-x86_64 0.1.2 99.00 OK
r-release-windows-x86_64 0.1.2 15.00 130.00 145.00 OK
r-oldrel-macos-arm64 0.1.2 69.00 OK
r-oldrel-macos-x86_64 0.1.2 122.00 OK
r-oldrel-windows-x86_64 0.1.2 18.00 158.00 176.00 OK

Check Details

Version: 0.1.2
Check: dependencies in R code
Result: NOTE Namespaces in Imports field not imported from: ‘kernlab’ ‘purrr’ ‘survminer’ ‘tidyverse’ All declared Imports should be used. Flavors: r-devel-linux-x86_64-fedora-clang, r-devel-linux-x86_64-fedora-gcc