CRAN Package Check Results for Package ConfigParser

Last updated on 2021-10-28 00:48:41 CEST.

Flavor Version Tinstall Tcheck Ttotal Status Flags
r-devel-linux-x86_64-debian-clang 1.0.0 2.58 20.91 23.49 NOTE
r-devel-linux-x86_64-debian-gcc 1.0.0 1.96 16.81 18.77 NOTE
r-devel-linux-x86_64-fedora-clang 1.0.0 39.94 NOTE
r-devel-linux-x86_64-fedora-gcc 1.0.0 29.74 NOTE
r-devel-windows-x86_64 1.0.0 4.00 42.00 46.00 NOTE
r-devel-windows-x86_64-gcc10-UCRT 1.0.0 NOTE
r-patched-linux-x86_64 1.0.0 3.19 20.75 23.94 NOTE
r-patched-solaris-x86 1.0.0 48.20 NOTE
r-release-linux-x86_64 1.0.0 2.82 20.42 23.24 NOTE
r-release-macos-arm64 1.0.0 NOTE
r-release-macos-x86_64 1.0.0 NOTE
r-release-windows-ix86+x86_64 1.0.0 5.00 76.00 81.00 NOTE
r-oldrel-macos-x86_64 1.0.0 OK
r-oldrel-windows-ix86+x86_64 1.0.0 5.00 35.00 40.00 OK

Check Details

Version: 1.0.0
Check: LazyData
Result: NOTE
     'LazyData' is specified without a 'data' directory
Flavors: r-devel-linux-x86_64-debian-clang, r-devel-linux-x86_64-debian-gcc, r-devel-linux-x86_64-fedora-clang, r-devel-linux-x86_64-fedora-gcc, r-devel-windows-x86_64, r-devel-windows-x86_64-gcc10-UCRT, r-patched-linux-x86_64, r-patched-solaris-x86, r-release-linux-x86_64, r-release-macos-arm64, r-release-macos-x86_64, r-release-windows-ix86+x86_64