CRAN Package Check Results for Package Conigrave

Last updated on 2023-09-26 01:06:17 CEST.

Flavor Version Tinstall Tcheck Ttotal Status Flags
r-devel-linux-x86_64-debian-clang 0.4.4 17.26 140.12 157.38 NOTE
r-devel-linux-x86_64-debian-gcc 0.4.4 13.28 103.75 117.03 NOTE
r-devel-linux-x86_64-fedora-clang 0.4.4 186.88 NOTE
r-devel-linux-x86_64-fedora-gcc 0.4.4 186.14 NOTE
r-devel-windows-x86_64 0.4.4 16.00 104.00 120.00 NOTE
r-patched-linux-x86_64 0.4.4 10.61 128.94 139.55 NOTE
r-release-linux-x86_64 0.4.4 13.79 132.30 146.09 NOTE
r-release-macos-arm64 0.4.4 34.00 NOTE
r-release-macos-x86_64 0.4.4 60.00 NOTE
r-release-windows-x86_64 0.4.4 19.00 129.00 148.00 NOTE
r-oldrel-macos-arm64 0.4.4 32.00 NOTE
r-oldrel-macos-x86_64 0.4.4 67.00 NOTE
r-oldrel-windows-x86_64 0.4.4 20.00 131.00 151.00 NOTE

Check Details

Version: 0.4.4
Check: LazyData
Result: NOTE
     'LazyData' is specified without a 'data' directory
Flavors: r-devel-linux-x86_64-debian-clang, r-devel-linux-x86_64-debian-gcc, r-devel-linux-x86_64-fedora-clang, r-devel-linux-x86_64-fedora-gcc, r-devel-windows-x86_64, r-patched-linux-x86_64, r-release-linux-x86_64, r-release-macos-arm64, r-release-macos-x86_64, r-release-windows-x86_64, r-oldrel-macos-arm64, r-oldrel-macos-x86_64, r-oldrel-windows-x86_64