CRAN Package Check Results for Package Conigrave

Last updated on 2024-06-17 00:49:55 CEST.

Flavor Version Tinstall Tcheck Ttotal Status Flags
r-devel-linux-x86_64-debian-clang 0.4.4 13.48 132.30 145.78 NOTE
r-devel-linux-x86_64-debian-gcc 0.4.4 13.66 99.05 112.71 NOTE
r-devel-linux-x86_64-fedora-clang 0.4.4 183.90 NOTE
r-devel-linux-x86_64-fedora-gcc 0.4.4 187.74 NOTE
r-devel-windows-x86_64 0.4.4 14.00 104.00 118.00 NOTE
r-patched-linux-x86_64 0.4.4 14.05 127.32 141.37 NOTE
r-release-linux-x86_64 0.4.4 12.04 131.56 143.60 NOTE
r-release-macos-arm64 0.4.4 48.00 NOTE
r-release-macos-x86_64 0.4.4 72.00 NOTE
r-release-windows-x86_64 0.4.4 13.00 111.00 124.00 NOTE
r-oldrel-macos-arm64 0.4.4 34.00 NOTE
r-oldrel-macos-x86_64 0.4.4 60.00 NOTE
r-oldrel-windows-x86_64 0.4.4 18.00 128.00 146.00 NOTE

Check Details

Version: 0.4.4
Check: LazyData
Result: NOTE 'LazyData' is specified without a 'data' directory Flavors: r-devel-linux-x86_64-debian-clang, r-devel-linux-x86_64-debian-gcc, r-devel-linux-x86_64-fedora-clang, r-devel-linux-x86_64-fedora-gcc, r-devel-windows-x86_64, r-patched-linux-x86_64, r-release-linux-x86_64, r-release-macos-arm64, r-release-macos-x86_64, r-release-windows-x86_64, r-oldrel-macos-arm64, r-oldrel-macos-x86_64, r-oldrel-windows-x86_64