CRAN Package Check Results for Package CorrectOverloadedPeaks

Last updated on 2022-01-24 00:47:30 CET.

Flavor Version Tinstall Tcheck Ttotal Status Flags
r-devel-linux-x86_64-debian-clang 1.2.17 3.55 64.21 67.76 OK
r-devel-linux-x86_64-debian-gcc 1.2.17 2.71 50.56 53.27 OK
r-devel-linux-x86_64-fedora-clang 1.2.17 82.91 OK
r-devel-linux-x86_64-fedora-gcc 1.2.17 68.38 OK
r-devel-windows-x86_64-new-UL 1.2.17 130.00 85.00 215.00 OK
r-devel-windows-x86_64-new-TK 1.2.17 OK
r-patched-linux-x86_64 1.2.17 3.27 61.54 64.81 OK
r-release-linux-x86_64 1.2.17 3.18 60.57 63.75 OK
r-release-macos-arm64 1.2.17 NOTE
r-release-macos-x86_64 1.2.17 OK
r-release-windows-ix86+x86_64 1.2.17 8.00 76.00 84.00 OK
r-oldrel-macos-x86_64 1.2.17 OK
r-oldrel-windows-ix86+x86_64 1.2.17 7.00 76.00 83.00 OK

Check Details

Version: 1.2.17
Check: package dependencies
Result: NOTE
    Package suggested but not available for checking: ‘xcms’
Flavor: r-release-macos-arm64