CRAN Package Check Results for Package Correlplot

Last updated on 2024-07-16 00:55:57 CEST.

Flavor Version Tinstall Tcheck Ttotal Status Flags
r-devel-linux-x86_64-debian-clang 1.1.0 7.57 96.45 104.02 OK
r-devel-linux-x86_64-debian-gcc 1.1.0 5.72 72.55 78.27 OK
r-devel-linux-x86_64-fedora-clang 1.1.0 134.56 OK
r-devel-linux-x86_64-fedora-gcc 1.1.0 137.88 OK
r-devel-windows-x86_64 1.1.0 10.00 92.00 102.00 NOTE
r-patched-linux-x86_64 1.1.0 11.86 92.91 104.77 OK
r-release-linux-x86_64 1.1.0 5.95 91.45 97.40 OK
r-release-macos-arm64 1.1.0 42.00 OK
r-release-macos-x86_64 1.1.0 72.00 OK
r-release-windows-x86_64 1.1.0 8.00 91.00 99.00 OK
r-oldrel-macos-arm64 1.1.0 51.00 OK
r-oldrel-macos-x86_64 1.1.0 79.00 OK
r-oldrel-windows-x86_64 1.1.0 10.00 108.00 118.00 OK

Check Details

Version: 1.1.0
Check: Rd cross-references
Result: NOTE Found the following Rd file(s) with Rd \link{} targets missing package anchors: ggbplot.Rd: bplot tally.Rd: bplot, calibrate Please provide package anchors for all Rd \link{} targets not in the package itself and the base packages. Flavor: r-devel-windows-x86_64