Last updated on 2023-03-22 00:52:18 CET.
Flavor | Version | Tinstall | Tcheck | Ttotal | Status | Flags |
---|---|---|---|---|---|---|
r-devel-linux-x86_64-debian-clang | 2.60 | 4.51 | 83.81 | 88.32 | OK | |
r-devel-linux-x86_64-debian-gcc | 2.60 | 4.54 | 67.84 | 72.38 | OK | |
r-devel-linux-x86_64-fedora-clang | 2.60 | 118.34 | OK | |||
r-devel-linux-x86_64-fedora-gcc | 2.60 | 120.96 | OK | |||
r-devel-windows-x86_64 | 2.60 | 37.00 | 124.00 | 161.00 | OK | |
r-patched-linux-x86_64 | 2.60 | 7.99 | 82.38 | 90.37 | OK | |
r-release-linux-x86_64 | 2.60 | 6.61 | 82.72 | 89.33 | OK | |
r-release-macos-arm64 | 2.60 | 44.00 | NOTE | |||
r-release-macos-x86_64 | 2.60 | 56.00 | OK | |||
r-release-windows-x86_64 | 2.60 | 22.00 | 135.00 | 157.00 | OK | |
r-oldrel-macos-arm64 | 2.60 | 55.00 | NOTE | |||
r-oldrel-macos-x86_64 | 2.60 | 86.00 | OK | |||
r-oldrel-windows-ix86+x86_64 | 2.60 | 12.00 | 116.00 | 128.00 | OK |
Version: 2.60
Check: package dependencies
Result: NOTE
Package suggested but not available for checking: ‘qvalue’
Flavors: r-release-macos-arm64, r-oldrel-macos-arm64