CRAN Package Check Results for Package CropDetectR

Last updated on 2022-10-01 00:49:22 CEST.

Flavor Version Tinstall Tcheck Ttotal Status Flags
r-devel-linux-x86_64-debian-clang 0.0.1 9.47 98.68 108.15 NOTE
r-devel-linux-x86_64-debian-gcc 0.0.1 6.92 73.84 80.76 NOTE
r-devel-linux-x86_64-fedora-clang 0.0.1 140.20 NOTE
r-devel-linux-x86_64-fedora-gcc 0.0.1 132.06 NOTE
r-devel-windows-x86_64 0.0.1 23.00 131.00 154.00 NOTE
r-patched-linux-x86_64 0.0.1 8.83 91.36 100.19 NOTE
r-release-linux-x86_64 0.0.1 7.35 92.52 99.87 NOTE
r-release-macos-arm64 0.0.1 44.00 NOTE
r-release-macos-x86_64 0.0.1 74.00 NOTE
r-release-windows-x86_64 0.0.1 23.00 133.00 156.00 NOTE
r-oldrel-macos-arm64 0.0.1 75.00 NOTE
r-oldrel-macos-x86_64 0.0.1 76.00 NOTE
r-oldrel-windows-ix86+x86_64 0.0.1 21.00 122.00 143.00 NOTE

Additional issues

donttest

Check Details

Version: 0.0.1
Check: LazyData
Result: NOTE
     'LazyData' is specified without a 'data' directory
Flavors: r-devel-linux-x86_64-debian-clang, r-devel-linux-x86_64-debian-gcc, r-devel-linux-x86_64-fedora-clang, r-devel-linux-x86_64-fedora-gcc, r-devel-windows-x86_64, r-patched-linux-x86_64, r-release-linux-x86_64, r-release-macos-arm64, r-release-macos-x86_64, r-release-windows-x86_64, r-oldrel-macos-arm64, r-oldrel-macos-x86_64, r-oldrel-windows-ix86+x86_64