CRAN Package Check Results for Package CropDetectR

Last updated on 2021-10-22 00:50:22 CEST.

Flavor Version Tinstall Tcheck Ttotal Status Flags
r-devel-linux-x86_64-debian-clang 0.0.1 8.42 85.60 94.02 NOTE
r-devel-linux-x86_64-debian-gcc 0.0.1 6.33 63.39 69.72 NOTE
r-devel-linux-x86_64-fedora-clang 0.0.1 120.37 NOTE
r-devel-linux-x86_64-fedora-gcc 0.0.1 106.80 NOTE
r-devel-windows-x86_64 0.0.1 13.00 120.00 133.00 NOTE
r-devel-windows-x86_64-gcc10-UCRT 0.0.1 ERROR
r-patched-linux-x86_64 0.0.1 7.13 78.83 85.96 NOTE
r-patched-solaris-x86 0.0.1 185.10 NOTE
r-release-linux-x86_64 0.0.1 6.53 78.55 85.08 NOTE
r-release-macos-arm64 0.0.1 NOTE
r-release-macos-x86_64 0.0.1 NOTE
r-release-windows-ix86+x86_64 0.0.1 19.00 111.00 130.00 NOTE
r-oldrel-macos-x86_64 0.0.1 OK
r-oldrel-windows-ix86+x86_64 0.0.1 20.00 117.00 137.00 OK

Check Details

Version: 0.0.1
Check: LazyData
Result: NOTE
     'LazyData' is specified without a 'data' directory
Flavors: r-devel-linux-x86_64-debian-clang, r-devel-linux-x86_64-debian-gcc, r-devel-linux-x86_64-fedora-clang, r-devel-linux-x86_64-fedora-gcc, r-devel-windows-x86_64, r-patched-linux-x86_64, r-patched-solaris-x86, r-release-linux-x86_64, r-release-macos-arm64, r-release-macos-x86_64, r-release-windows-ix86+x86_64

Version: 0.0.1
Check: package dependencies
Result: ERROR
    Package required but not available: 'imager'
    
    See section 'The DESCRIPTION file' in the 'Writing R Extensions'
    manual.
Flavor: r-devel-windows-x86_64-gcc10-UCRT