CRAN Package Check Results for Package Cyclops

Last updated on 2021-10-22 00:50:22 CEST.

Flavor Version Tinstall Tcheck Ttotal Status Flags
r-devel-linux-x86_64-debian-clang 3.1.2 194.80 123.36 318.16 OK
r-devel-linux-x86_64-debian-gcc 3.1.2 158.69 93.20 251.89 OK
r-devel-linux-x86_64-fedora-clang 3.1.2 485.64 NOTE
r-devel-linux-x86_64-fedora-gcc 3.1.2 441.24 OK
r-devel-windows-x86_64 3.1.2 254.00 175.00 429.00 OK
r-devel-windows-x86_64-gcc10-UCRT 3.1.2 OK
r-patched-linux-x86_64 3.1.2 186.56 118.68 305.24 OK
r-patched-solaris-x86 3.1.2 436.00 NOTE
r-release-linux-x86_64 3.1.2 150.91 117.20 268.11 OK
r-release-macos-arm64 3.1.2 NOTE
r-release-macos-x86_64 3.1.2 NOTE
r-release-windows-ix86+x86_64 3.1.2 422.00 232.00 654.00 NOTE
r-oldrel-macos-x86_64 3.1.2 NOTE
r-oldrel-windows-ix86+x86_64 3.1.2 439.00 8.00 447.00 ERROR

Check Details

Version: 3.1.2
Check: installed package size
Result: NOTE
     installed size is 22.1Mb
     sub-directories of 1Mb or more:
     libs 21.3Mb
Flavors: r-devel-linux-x86_64-fedora-clang, r-patched-solaris-x86, r-release-macos-arm64, r-release-macos-x86_64, r-release-windows-ix86+x86_64, r-oldrel-macos-x86_64

Version: 3.1.2
Check: whether package can be installed
Result: ERROR
    Installation failed.
Flavor: r-oldrel-windows-ix86+x86_64