CRAN Package Check Results for Package CytoSimplex

Last updated on 2024-06-13 00:55:10 CEST.

Flavor Version Tinstall Tcheck Ttotal Status Flags
r-devel-linux-x86_64-debian-clang 0.1.1 55.57 215.85 271.42 OK
r-devel-linux-x86_64-debian-gcc 0.1.1 0.50 1.84 2.34 ERROR
r-devel-linux-x86_64-fedora-clang 0.1.1 376.44 OK
r-devel-linux-x86_64-fedora-gcc 0.1.1 366.78 OK
r-devel-windows-x86_64 0.1.1 46.00 172.00 218.00 OK
r-patched-linux-x86_64 0.1.1 51.26 202.80 254.06 OK
r-release-linux-x86_64 0.1.1 48.93 200.98 249.91 OK
r-release-macos-arm64 0.1.1 119.00 NOTE
r-release-macos-x86_64 0.1.1 148.00 NOTE
r-release-windows-x86_64 0.1.1 45.00 175.00 220.00 OK
r-oldrel-macos-arm64 0.1.1 111.00 NOTE
r-oldrel-macos-x86_64 0.1.1 177.00 NOTE
r-oldrel-windows-x86_64 0.1.1 56.00 215.00 271.00 OK

Check Details

Version: 0.1.1
Check: package dependencies
Result: ERROR Package required but not available: ‘ggplot2’ Packages suggested but not available for checking: 'magick', 'patchwork', 'Seurat', 'testthat' See section ‘The DESCRIPTION file’ in the ‘Writing R Extensions’ manual. Flavor: r-devel-linux-x86_64-debian-gcc

Version: 0.1.1
Check: installed package size
Result: NOTE installed size is 6.3Mb sub-directories of 1Mb or more: data 1.5Mb doc 1.1Mb libs 3.0Mb Flavors: r-release-macos-arm64, r-release-macos-x86_64, r-oldrel-macos-arm64, r-oldrel-macos-x86_64