Last updated on 2023-05-29 00:59:31 CEST.
Flavor | Version | Tinstall | Tcheck | Ttotal | Status | Flags |
---|---|---|---|---|---|---|
r-devel-linux-x86_64-debian-clang | 1.25.4 | 12.09 | 114.92 | 127.01 | OK | |
r-devel-linux-x86_64-debian-gcc | 1.25.4 | 9.17 | 87.67 | 96.84 | OK | |
r-devel-linux-x86_64-fedora-clang | 1.25.4 | 154.80 | OK | |||
r-devel-linux-x86_64-fedora-gcc | 1.25.4 | 160.03 | OK | |||
r-devel-windows-x86_64 | 1.25.4 | 12.00 | 158.00 | 170.00 | OK | |
r-patched-linux-x86_64 | 1.25.4 | 16.65 | 109.00 | 125.65 | OK | |
r-release-linux-x86_64 | 1.25.4 | 11.68 | 109.71 | 121.39 | OK | |
r-release-macos-arm64 | 1.25.4 | 53.00 | OK | |||
r-release-macos-x86_64 | 1.25.4 | 86.00 | NOTE | |||
r-release-windows-x86_64 | 1.25.4 | 15.00 | 189.00 | 204.00 | OK | |
r-oldrel-macos-arm64 | 1.25.4 | 39.00 | OK | |||
r-oldrel-macos-x86_64 | 1.25.4 | 61.00 | OK | |||
r-oldrel-windows-x86_64 | 1.25.4 | 14.00 | 184.00 | 198.00 | OK |
Version: 1.25.4
Check: package dependencies
Result: NOTE
Package suggested but not available for checking: ‘lme4’
Flavor: r-release-macos-x86_64